03-25 04:05:43.863 I/Choreographer( 285): Skipped 56 frames! The application may be doing too much work on its main thread.
03-25 04:05:43.883 I/ResourceUtils( 394): Found default value: resource=keypress_vibration_durations build=[HARDWARE=goldfish MODEL=sdk BRAND=generic MANUFACTURER=unknown] default=20
03-25 04:05:43.883 I/ResourceUtils( 394): Found default value: resource=keypress_volumes build=[HARDWARE=goldfish MODEL=sdk BRAND=generic MANUFACTURER=unknown] default=0.2f
03-25 04:05:43.973 W/ActivityManager( 285): Unable to start service Intent { act=com.android.internal.telephony.IWapPushManager } U=0: not found
03-25 04:05:44.133 W/dalvikvm( 477): PR_CAPBSET_DROP 0 failed: Invalid argument. Please make sure your kernel is compiled with file capabilities support enabled.
03-25 04:05:44.133 W/dalvikvm( 477): PR_CAPBSET_DROP 1 failed: Invalid argument. Please make sure your kernel is compiled with file capabilities support enabled.
03-25 04:05:44.133 W/dalvikvm( 477): PR_CAPBSET_DROP 2 failed: Invalid argument. Please make sure your kernel is compiled with file capabilities support enabled.
03-25 04:05:44.133 W/dalvikvm( 477): PR_CAPBSET_DROP 3 failed: Invalid argument. Please make sure your kernel is compiled with file capabilities support enabled.
03-25 04:05:44.133 W/dalvikvm( 477): PR_CAPBSET_DROP 4 failed: Invalid argument. Please make sure your kernel is compiled with file capabilities support enabled.
03-25 04:05:44.133 W/dalvikvm( 477): PR_CAPBSET_DROP 5 failed: Invalid argument. Please make sure your kernel is compiled with file capabilities support enabled.
03-25 04:05:44.133 W/dalvikvm( 477): PR_CAPBSET_DROP 6 failed: Invalid argument. Please make sure your kernel is compiled with file capabilities support enabled.
03-25 04:05:44.133 W/dalvikvm( 477): PR_CAPBSET_DROP 7 failed: Invalid argument. Please make sure your kernel is compiled with file capabilities support enabled.
03-25 04:05:44.133 W/dalvikvm( 477): PR_CAPBSET_DROP 8 failed: Invalid argument. Please make sure your kernel is compiled with file capabilities support enabled.
03-25 04:05:44.133 W/dalvikvm( 477): PR_CAPBSET_DROP 9 failed: Invalid argument. Please make sure your kernel is compiled with file capabilities support enabled.
03-25 04:05:44.133 W/dalvikvm( 477): PR_CAPBSET_DROP 10 failed: Invalid argument. Please make sure your kernel is compiled with file capabilities support enabled.
03-25 04:05:44.133 W/dalvikvm( 477): PR_CAPBSET_DROP 11 failed: Invalid argument. Please make sure your kernel is compiled with file capabilities support enabled.
03-25 04:05:44.133 W/dalvikvm( 477): PR_CAPBSET_DROP 12 failed: Invalid argument. Please make sure your kernel is compiled with file capabilities support enabled.
03-25 04:05:44.133 W/dalvikvm( 477): PR_CAPBSET_DROP 13 failed: Invalid argument. Please make sure your kernel is compiled with file capabilities support enabled.
03-25 04:05:44.133 W/dalvikvm( 477): PR_CAPBSET_DROP 14 failed: Invalid argument. Please make sure your kernel is compiled with file capabilities support enabled.
03-25 04:05:44.133 W/dalvikvm( 477): PR_CAPBSET_DROP 15 failed: Invalid argument. Please make sure your kernel is compiled with file capabilities support enabled.
03-25 04:05:44.133 W/dalvikvm( 477): PR_CAPBSET_DROP 16 failed: Invalid argument. Please make sure your kernel is compiled with file capabilities support enabled.
03-25 04:05:44.133 W/dalvikvm( 477): PR_CAPBSET_DROP 17 failed: Invalid argument. Please make sure your kernel is compiled with file capabilities support enabled.
03-25 04:05:44.133 W/dalvikvm( 477): PR_CAPBSET_DROP 18 failed: Invalid argument. Please make sure your kernel is compiled with file capabilities support enabled.
03-25 04:05:44.133 W/dalvikvm( 477): PR_CAPBSET_DROP 19 failed: Invalid argument. Please make sure your kernel is compiled with file capabilities support enabled.
03-25 04:05:44.133 W/dalvikvm( 477): PR_CAPBSET_DROP 20 failed: Invalid argument. Please make sure your kernel is compiled with file capabilities support enabled.
03-25 04:05:44.133 W/dalvikvm( 477): PR_CAPBSET_DROP 21 failed: Invalid argument. Please make sure your kernel is compiled with file capabilities support enabled.
03-25 04:05:44.133 W/dalvikvm( 477): PR_CAPBSET_DROP 22 failed: Invalid argument. Please make sure your kernel is compiled with file capabilities support enabled.
03-25 04:05:44.133 W/dalvikvm( 477): PR_CAPBSET_DROP 23 failed: Invalid argument. Please make sure your kernel is compiled with file capabilities support enabled.
03-25 04:05:44.133 W/dalvikvm( 477): PR_CAPBSET_DROP 24 failed: Invalid argument. Please make sure your kernel is compiled with file capabilities support enabled.
03-25 04:05:44.133 W/dalvikvm( 477): PR_CAPBSET_DROP 25 failed: Invalid argument. Please make sure your kernel is compiled with file capabilities support enabled.
03-25 04:05:44.133 W/dalvikvm( 477): PR_CAPBSET_DROP 26 failed: Invalid argument. Please make sure your kernel is compiled with file capabilities support enabled.
03-25 04:05:44.133 W/dalvikvm( 477): PR_CAPBSET_DROP 27 failed: Invalid argument. Please make sure your kernel is compiled with file capabilities support enabled.
03-25 04:05:44.133 W/dalvikvm( 477): PR_CAPBSET_DROP 28 failed: Invalid argument. Please make sure your kernel is compiled with file capabilities support enabled.
03-25 04:05:44.133 W/dalvikvm( 477): PR_CAPBSET_DROP 29 failed: Invalid argument. Please make sure your kernel is compiled with file capabilities support enabled.
03-25 04:05:44.133 W/dalvikvm( 477): PR_CAPBSET_DROP 30 failed: Invalid argument. Please make sure your kernel is compiled with file capabilities support enabled.
03-25 04:05:44.133 W/dalvikvm( 477): PR_CAPBSET_DROP 31 failed: Invalid argument. Please make sure your kernel is compiled with file capabilities support enabled.
03-25 04:05:44.133 W/dalvikvm( 477): PR_CAPBSET_DROP 32 failed: Invalid argument. Please make sure your kernel is compiled with file capabilities support enabled.
03-25 04:05:44.133 W/dalvikvm( 477): PR_CAPBSET_DROP 33 failed: Invalid argument. Please make sure your kernel is compiled with file capabilities support enabled.
03-25 04:05:44.133 I/ActivityManager( 285): Start proc android.process.acore for content provider com.android.providers.userdictionary/.UserDictionaryProvider: pid=477 uid=10002 gids={50002, 3003, 1015, 1028}
03-25 04:05:44.274 D/dalvikvm( 349): GC_CONCURRENT freed 65K, 5% free 3750K/3932K, paused 4ms+28ms, total 113ms
03-25 04:05:44.444 E/BluetoothAdapter( 443): Bluetooth binder is null
03-25 04:05:44.454 W/dalvikvm( 490): PR_CAPBSET_DROP 0 failed: Invalid argument. Please make sure your kernel is compiled with file capabilities support enabled.
03-25 04:05:44.454 W/dalvikvm( 490): PR_CAPBSET_DROP 1 failed: Invalid argument. Please make sure your kernel is compiled with file capabilities support enabled.
03-25 04:05:44.454 W/dalvikvm( 490): PR_CAPBSET_DROP 2 failed: Invalid argument. Please make sure your kernel is compiled with file capabilities support enabled.
03-25 04:05:44.454 W/dalvikvm( 490): PR_CAPBSET_DROP 3 failed: Invalid argument. Please make sure your kernel is compiled with file capabilities support enabled.
03-25 04:05:44.454 W/dalvikvm( 490): PR_CAPBSET_DROP 4 failed: Invalid argument. Please make sure your kernel is compiled with file capabilities support enabled.
03-25 04:05:44.454 W/dalvikvm( 490): PR_CAPBSET_DROP 5 failed: Invalid argument. Please make sure your kernel is compiled with file capabilities support enabled.
03-25 04:05:44.454 W/dalvikvm( 490): PR_CAPBSET_DROP 6 failed: Invalid argument. Please make sure your kernel is compiled with file capabilities support enabled.
03-25 04:05:44.454 W/dalvikvm( 490): PR_CAPBSET_DROP 7 failed: Invalid argument. Please make sure your kernel is compiled with file capabilities support enabled.
03-25 04:05:44.454 W/dalvikvm( 490): PR_CAPBSET_DROP 8 failed: Invalid argument. Please make sure your kernel is compiled with file capabilities support enabled.
03-25 04:05:44.454 W/dalvikvm( 490): PR_CAPBSET_DROP 9 failed: Invalid argument. Please make sure your kernel is compiled with file capabilities support enabled.
03-25 04:05:44.454 W/dalvikvm( 490): PR_CAPBSET_DROP 10 failed: Invalid argument. Please make sure your kernel is compiled with file capabilities support enabled.
03-25 04:05:44.454 W/dalvikvm( 490): PR_CAPBSET_DROP 11 failed: Invalid argument. Please make sure your kernel is compiled with file capabilities support enabled.
03-25 04:05:44.454 W/dalvikvm( 490): PR_CAPBSET_DROP 12 failed: Invalid argument. Please make sure your kernel is compiled with file capabilities support enabled.
03-25 04:05:44.454 W/dalvikvm( 490): PR_CAPBSET_DROP 13 failed: Invalid argument. Please make sure your kernel is compiled with file capabilities support enabled.
03-25 04:05:44.454 W/dalvikvm( 490): PR_CAPBSET_DROP 14 failed: Invalid argument. Please make sure your kernel is compiled with file capabilities support enabled.
03-25 04:05:44.454 W/dalvikvm( 490): PR_CAPBSET_DROP 15 failed: Invalid argument. Please make sure your kernel is compiled with file capabilities support enabled.
03-25 04:05:44.454 W/dalvikvm( 490): PR_CAPBSET_DROP 16 failed: Invalid argument. Please make sure your kernel is compiled with file capabilities support enabled.
03-25 04:05:44.454 W/dalvikvm( 490): PR_CAPBSET_DROP 17 failed: Invalid argument. Please make sure your kernel is compiled with file capabilities support enabled.
03-25 04:05:44.464 W/dalvikvm( 490): PR_CAPBSET_DROP 18 failed: Invalid argument. Please make sure your kernel is compiled with file capabilities support enabled.
03-25 04:05:44.464 W/dalvikvm( 490): PR_CAPBSET_DROP 19 failed: Invalid argument. Please make sure your kernel is compiled with file capabilities support enabled.
03-25 04:05:44.464 W/dalvikvm( 490): PR_CAPBSET_DROP 20 failed: Invalid argument. Please make sure your kernel is compiled with file capabilities support enabled.
03-25 04:05:44.464 W/dalvikvm( 490): PR_CAPBSET_DROP 21 failed: Invalid argument. Please make sure your kernel is compiled with file capabilities support enabled.
03-25 04:05:44.464 W/dalvikvm( 490): PR_CAPBSET_DROP 22 failed: Invalid argument. Please make sure your kernel is compiled with file capabilities support enabled.
03-25 04:05:44.464 W/dalvikvm( 490): PR_CAPBSET_DROP 23 failed: Invalid argument. Please make sure your kernel is compiled with file capabilities support enabled.
03-25 04:05:44.464 W/dalvikvm( 490): PR_CAPBSET_DROP 24 failed: Invalid argument. Please make sure your kernel is compiled with file capabilities support enabled.
03-25 04:05:44.464 W/dalvikvm( 490): PR_CAPBSET_DROP 25 failed: Invalid argument. Please make sure your kernel is compiled with file capabilities support enabled.
03-25 04:05:44.464 W/dalvikvm( 490): PR_CAPBSET_DROP 26 failed: Invalid argument. Please make sure your kernel is compiled with file capabilities support enabled.
03-25 04:05:44.464 W/dalvikvm( 490): PR_CAPBSET_DROP 27 failed: Invalid argument. Please make sure your kernel is compiled with file capabilities support enabled.
03-25 04:05:44.464 W/dalvikvm( 490): PR_CAPBSET_DROP 28 failed: Invalid argument. Please make sure your kernel is compiled with file capabilities support enabled.
03-25 04:05:44.464 W/dalvikvm( 490): PR_CAPBSET_DROP 29 failed: Invalid argument. Please make sure your kernel is compiled with file capabilities support enabled.
03-25 04:05:44.464 W/dalvikvm( 490): PR_CAPBSET_DROP 30 failed: Invalid argument. Please make sure your kernel is compiled with file capabilities support enabled.
03-25 04:05:44.464 W/dalvikvm( 490): PR_CAPBSET_DROP 31 failed: Invalid argument. Please make sure your kernel is compiled with file capabilities support enabled.
03-25 04:05:44.464 W/dalvikvm( 490): PR_CAPBSET_DROP 32 failed: Invalid argument. Please make sure your kernel is compiled with file capabilities support enabled.
03-25 04:05:44.464 W/dalvikvm( 490): PR_CAPBSET_DROP 33 failed: Invalid argument. Please make sure your kernel is compiled with file capabilities support enabled.
03-25 04:05:44.474 I/ActivityManager( 285): Start proc com.android.music for broadcast com.android.music/.MediaButtonIntentReceiver: pid=490 uid=10034 gids={50034, 3003, 1015, 1028}
03-25 04:05:44.484 I/FusedLocation( 285): engine started (com.android.location.fused)
03-25 04:05:44.484 D/dalvikvm( 413): GC_CONCURRENT freed 170K, 10% free 2729K/3016K, paused 4ms+2ms, total 160ms
03-25 04:05:44.504 E/BluetoothAdapter( 413): Bluetooth binder is null
03-25 04:05:44.574 E/BluetoothAdapter( 349): Bluetooth binder is null
03-25 04:05:44.593 D/CallNotifier( 413): CallNotifier: mSignalInfoToneGenerator created when toneplay
03-25 04:05:44.603 E/BluetoothAdapter( 413): Bluetooth binder is null
03-25 04:05:44.763 I/dalvikvm( 490): Turning on JNI app bug workarounds for target SDK version 9...
03-25 04:05:44.853 D/dalvikvm( 285): GREF has increased to 401
03-25 04:05:45.424 D/PhoneStatusBar( 349): disable: < expand icons alerts ticker system_info back home RECENT* clock SEARCH*
> 03-25 04:05:45.434 I/AudioService( 285): Remote Control registerMediaButtonIntent() for PendingIntent{41c07b70: PendingIntentRecord{41c07a80 com.android.music broadcastIntent}}
03-25 04:05:45.564 D/dalvikvm( 285): GC_CONCURRENT freed 2111K, 29% free 5680K/7912K, paused 6ms+36ms, total 546ms
03-25 04:05:45.564 D/dalvikvm( 285): WAIT_FOR_CONCURRENT_GC blocked 31ms
03-25 04:05:45.564 D/dalvikvm( 285): WAIT_FOR_CONCURRENT_GC blocked 71ms
03-25 04:05:45.564 D/dalvikvm( 285): WAIT_FOR_CONCURRENT_GC blocked 32ms
03-25 04:05:45.564 D/dalvikvm( 285): WAIT_FOR_CONCURRENT_GC blocked 82ms
03-25 04:05:45.613 D/TelephonyDebugService( 413): TelephonyDebugService()
03-25 04:05:46.194 D/dalvikvm( 477): GC_CONCURRENT freed 186K, 10% free 2751K/3052K, paused 5ms+33ms, total 102ms
03-25 04:05:46.394 D/dalvikvm( 413): GC_CONCURRENT freed 270K, 12% free 2881K/3268K, paused 4ms+3ms, total 112ms
03-25 04:05:46.883 D/dalvikvm( 425): GC_CONCURRENT freed 181K, 10% free 2742K/3040K, paused 4ms+165ms, total 236ms
03-25 04:05:47.414 I/WifiService( 285): WifiService trying to set country code to us with persist set to true
03-25 04:05:47.424 I/ActivityManager( 285): Config changes=1403 {1.0 310mcc260mnc en_US ldltr sw320dp w320dp h508dp 240dpi nrml long port finger -keyb/v/h tball/v s.4}
03-25 04:05:47.474 D/PermissionCache( 37): checking android.permission.READ_FRAME_BUFFER for uid=1000 => granted (881 us)
03-25 04:05:47.494 D/gralloc ( 37): Registering a buffer in the process that created it. This may cause memory ordering problems.
03-25 04:05:47.504 I/ARMAssembler( 37): generated scanline__00000077:03515104_00008001_00000000 [113 ipp] (134 ins) at [0x411d81f0:0x411d8408] in 4666027 ns
03-25 04:05:47.583 D/gralloc ( 37): Registering a buffer in the process that created it. This may cause memory ordering problems.
03-25 04:05:47.713 E/BluetoothAdapter( 443): Bluetooth binder is null
03-25 04:05:47.753 D/dalvikvm( 394): GC_CONCURRENT freed 193K, 11% free 2695K/3004K, paused 3ms+2ms, total 312ms
03-25 04:05:47.933 W/dalvikvm( 526): PR_CAPBSET_DROP 0 failed: Invalid argument. Please make sure your kernel is compiled with file capabilities support enabled.
03-25 04:05:47.933 W/dalvikvm( 526): PR_CAPBSET_DROP 1 failed: Invalid argument. Please make sure your kernel is compiled with file capabilities support enabled.
03-25 04:05:47.933 W/dalvikvm( 526): PR_CAPBSET_DROP 2 failed: Invalid argument. Please make sure your kernel is compiled with file capabilities support enabled.
03-25 04:05:47.933 W/dalvikvm( 526): PR_CAPBSET_DROP 3 failed: Invalid argument. Please make sure your kernel is compiled with file capabilities support enabled.
03-25 04:05:47.933 W/dalvikvm( 526): PR_CAPBSET_DROP 4 failed: Invalid argument. Please make sure your kernel is compiled with file capabilities support enabled.
03-25 04:05:47.933 W/dalvikvm( 526): PR_CAPBSET_DROP 5 failed: Invalid argument. Please make sure your kernel is compiled with file capabilities support enabled.
03-25 04:05:47.933 W/dalvikvm( 526): PR_CAPBSET_DROP 6 failed: Invalid argument. Please make sure your kernel is compiled with file capabilities support enabled.
03-25 04:05:47.933 W/dalvikvm( 526): PR_CAPBSET_DROP 7 failed: Invalid argument. Please make sure your kernel is compiled with file capabilities support enabled.
03-25 04:05:47.933 W/dalvikvm( 526): PR_CAPBSET_DROP 8 failed: Invalid argument. Please make sure your kernel is compiled with file capabilities support enabled.
03-25 04:05:47.933 W/dalvikvm( 526): PR_CAPBSET_DROP 9 failed: Invalid argument. Please make sure your kernel is compiled with file capabilities support enabled.
03-25 04:05:47.933 W/dalvikvm( 526): PR_CAPBSET_DROP 10 failed: Invalid argument. Please make sure your kernel is compiled with file capabilities support enabled.
03-25 04:05:47.933 W/dalvikvm( 526): PR_CAPBSET_DROP 11 failed: Invalid argument. Please make sure your kernel is compiled with file capabilities support enabled.
03-25 04:05:47.933 W/dalvikvm( 526): PR_CAPBSET_DROP 12 failed: Invalid argument. Please make sure your kernel is compiled with file capabilities support enabled.
03-25 04:05:47.933 W/dalvikvm( 526): PR_CAPBSET_DROP 13 failed: Invalid argument. Please make sure your kernel is compiled with file capabilities support enabled.
03-25 04:05:47.933 W/dalvikvm( 526): PR_CAPBSET_DROP 14 failed: Invalid argument. Please make sure your kernel is compiled with file capabilities support enabled.
03-25 04:05:47.933 W/dalvikvm( 526): PR_CAPBSET_DROP 15 failed: Invalid argument. Please make sure your kernel is compiled with file capabilities support enabled.
03-25 04:05:47.933 W/dalvikvm( 526): PR_CAPBSET_DROP 16 failed: Invalid argument. Please make sure your kernel is compiled with file capabilities support enabled.
03-25 04:05:47.933 W/dalvikvm( 526): PR_CAPBSET_DROP 17 failed: Invalid argument. Please make sure your kernel is compiled with file capabilities support enabled.
03-25 04:05:47.933 W/dalvikvm( 526): PR_CAPBSET_DROP 18 failed: Invalid argument. Please make sure your kernel is compiled with file capabilities support enabled.
03-25 04:05:47.933 W/dalvikvm( 526): PR_CAPBSET_DROP 19 failed: Invalid argument. Please make sure your kernel is compiled with file capabilities support enabled.
03-25 04:05:47.933 W/dalvikvm( 526): PR_CAPBSET_DROP 20 failed: Invalid argument. Please make sure your kernel is compiled with file capabilities support enabled.
03-25 04:05:47.933 W/dalvikvm( 526): PR_CAPBSET_DROP 21 failed: Invalid argument. Please make sure your kernel is compiled with file capabilities support enabled.
03-25 04:05:47.933 W/dalvikvm( 526): PR_CAPBSET_DROP 22 failed: Invalid argument. Please make sure your kernel is compiled with file capabilities support enabled.
03-25 04:05:47.933 W/dalvikvm( 526): PR_CAPBSET_DROP 23 failed: Invalid argument. Please make sure your kernel is compiled with file capabilities support enabled.
03-25 04:05:47.933 W/dalvikvm( 526): PR_CAPBSET_DROP 24 failed: Invalid argument. Please make sure your kernel is compiled with file capabilities support enabled.
03-25 04:05:47.933 W/dalvikvm( 526): PR_CAPBSET_DROP 25 failed: Invalid argument. Please make sure your kernel is compiled with file capabilities support enabled.
03-25 04:05:47.933 W/dalvikvm( 526): PR_CAPBSET_DROP 26 failed: Invalid argument. Please make sure your kernel is compiled with file capabilities support enabled.
03-25 04:05:47.933 W/dalvikvm( 526): PR_CAPBSET_DROP 27 failed: Invalid argument. Please make sure your kernel is compiled with file capabilities support enabled.
03-25 04:05:47.933 W/dalvikvm( 526): PR_CAPBSET_DROP 28 failed: Invalid argument. Please make sure your kernel is compiled with file capabilities support enabled.
03-25 04:05:47.933 W/dalvikvm( 526): PR_CAPBSET_DROP 29 failed: Invalid argument. Please make sure your kernel is compiled with file capabilities support enabled.
03-25 04:05:47.933 W/dalvikvm( 526): PR_CAPBSET_DROP 30 failed: Invalid argument. Please make sure your kernel is compiled with file capabilities support enabled.
03-25 04:05:47.933 W/dalvikvm( 526): PR_CAPBSET_DROP 31 failed: Invalid argument. Please make sure your kernel is compiled with file capabilities support enabled.
03-25 04:05:47.933 W/dalvikvm( 526): PR_CAPBSET_DROP 32 failed: Invalid argument. Please make sure your kernel is compiled with file capabilities support enabled.
03-25 04:05:47.933 W/dalvikvm( 526): PR_CAPBSET_DROP 33 failed: Invalid argument. Please make sure your kernel is compiled with file capabilities support enabled.
03-25 04:05:47.953 I/ActivityManager( 285): Start proc com.android.deskclock for broadcast com.android.deskclock/com.android.alarmclock.AnalogAppWidgetProvider: pid=526 uid=10021 gids={50021, 1028}
03-25 04:05:47.993 D/dalvikvm( 38): GC_EXPLICIT freed 35K, 6% free 2507K/2656K, paused 2ms+13ms, total 56ms
03-25 04:05:48.053 I/WifiService( 285): WifiService trying to set country code to us with persist set to true
03-25 04:05:48.073 D/dalvikvm( 38): GC_EXPLICIT freed <1K, 6% free 2507K/2656K, paused 2ms+6ms, total 72ms
03-25 04:05:48.123 I/ActivityManager( 285): Config changes=1400 {1.0 310mcc260mnc en_US ldltr sw320dp w320dp h508dp 240dpi nrml long port finger -keyb/v/h tball/v s.5}
03-25 04:05:48.133 D/dalvikvm( 38): GC_EXPLICIT freed <1K, 6% free 2507K/2656K, paused 3ms+2ms, total 62ms
03-25 04:05:48.384 D/dalvikvm( 413): GC_CONCURRENT freed 330K, 13% free 2986K/3428K, paused 2ms+54ms, total 138ms
03-25 04:05:48.474 D/dalvikvm( 285): GC_CONCURRENT freed 574K, 26% free 5890K/7912K, paused 19ms+6ms, total 433ms
03-25 04:05:48.474 D/dalvikvm( 285): WAIT_FOR_CONCURRENT_GC blocked 332ms
03-25 04:05:48.953 D/dalvikvm( 413): GC_CONCURRENT freed 401K, 15% free 3055K/3572K, paused 4ms+4ms, total 115ms
03-25 04:05:48.993 D/dalvikvm( 425): GC_FOR_ALLOC freed 65K, 6% free 2995K/3176K, paused 109ms, total 124ms
03-25 04:05:49.023 I/dalvikvm-heap( 425): Grow heap (frag case) to 4.408MB for 1440016-byte allocation
03-25 04:05:49.093 D/dalvikvm( 425): GC_FOR_ALLOC freed 12K, 5% free 4389K/4584K, paused 71ms, total 71ms
03-25 04:05:49.123 D/dalvikvm( 425): GC_CONCURRENT freed <1K, 5% free 4389K/4584K, paused 3ms+2ms, total 37ms
03-25 04:05:49.143 D/dalvikvm( 285): GC_CONCURRENT freed 417K, 21% free 6309K/7912K, paused 5ms+5ms, total 244ms
03-25 04:05:49.143 D/dalvikvm( 285): WAIT_FOR_CONCURRENT_GC blocked 74ms
03-25 04:05:49.153 D/dalvikvm( 285): WAIT_FOR_CONCURRENT_GC blocked 201ms
03-25 04:05:49.394 E/BluetoothAdapter( 349): Bluetooth binder is null
03-25 04:05:49.414 D/SystemUIService( 349): loading: class com.android.systemui.power.PowerUI
03-25 04:05:49.414 D/SystemUIService( 349): running: com.android.systemui.power.PowerUI@4185be10
03-25 04:05:49.414 D/SystemUIService( 349): loading: class com.android.systemui.media.RingtonePlayer
03-25 04:05:49.424 D/SystemUIService( 349): running: com.android.systemui.media.RingtonePlayer@4185cf10
03-25 04:05:49.434 D/SystemUIService( 349): loading: class com.android.systemui.settings.SettingsUI
03-25 04:05:49.434 D/SystemUIService( 349): running: com.android.systemui.settings.SettingsUI@4185e268
03-25 04:05:49.584 D/PhoneStatusBar( 349): disable: < expand icons alerts ticker system_info BACK* HOME* RECENT CLOCK* SEARCH
> 03-25 04:05:49.584 I/Choreographer( 349): Skipped 1800 frames! The application may be doing too much work on its main thread.
03-25 04:05:49.593 W/WindowManager( 285): Window freeze timeout expired.
03-25 04:05:49.593 W/WindowManager( 285): Force clearing orientation change: Window{418fe048 u0 Keyguard}
03-25 04:05:49.763 D/dalvikvm( 413): GC_CONCURRENT freed 479K, 17% free 3031K/3628K, paused 5ms+2ms, total 119ms
03-25 04:05:49.843 D/dalvikvm( 285): GC_CONCURRENT freed 544K, 16% free 6720K/7912K, paused 5ms+19ms, total 292ms
03-25 04:05:49.843 D/dalvikvm( 285): WAIT_FOR_CONCURRENT_GC blocked 9ms
03-25 04:05:49.843 D/dalvikvm( 285): WAIT_FOR_CONCURRENT_GC blocked 165ms
03-25 04:05:49.843 D/dalvikvm( 285): WAIT_FOR_CONCURRENT_GC blocked 158ms
03-25 04:05:49.843 D/dalvikvm( 285): WAIT_FOR_CONCURRENT_GC blocked 158ms
03-25 04:05:49.843 D/dalvikvm( 285): WAIT_FOR_CONCURRENT_GC blocked 66ms
03-25 04:05:49.843 D/dalvikvm( 285): WAIT_FOR_CONCURRENT_GC blocked 168ms
03-25 04:05:49.854 D/dalvikvm( 285): WAIT_FOR_CONCURRENT_GC blocked 160ms
03-25 04:05:49.854 D/dalvikvm( 285): WAIT_FOR_CONCURRENT_GC blocked 113ms
03-25 04:05:49.963 V/KeyguardHostView( 285): music state changed: 0
03-25 04:05:50.003 D/ConnectivityService( 285): ConnectivityChange for mobile: CONNECTED/CONNECTED
03-25 04:05:50.003 D/ConnectivityService( 285): check provisioning after booting
03-25 04:05:50.003 D/ConnectivityService( 285): checkMobileProvisioning: E sendNotification=true suggestedTimeOutMs=60000 resultReceiver=null
03-25 04:05:50.003 D/ConnectivityService( 285): checkMobileProvisioning: params={ url=http://clients3.google.com/generate_204 mTimeOutMs=60000 mCb=com.android.server.ConnectivityService$4@41bcdeb8}
03-25 04:05:50.003 D/ConnectivityService( 285): setNotificationVisible: E visible=false ni=null url=null
03-25 04:05:50.003 D/ConnectivityService( 285): setNotificaitionVisible: cancel
03-25 04:05:50.013 D/ConnectivityService( 285): setNotificationVisible: X visible=false ni=null url=null
03-25 04:05:50.043 D/ConnectivityService( 285): checkMobileProvisioning: X
03-25 04:05:50.103 I/Choreographer( 285): Skipped 750 frames! The application may be doing too much work on its main thread.
03-25 04:05:50.204 V/TAG ( 285): bug 7643792: fitSystemWindows([0,38][0,0])
03-25 04:05:50.214 D/Nat464Xlat( 285): requiresClat: netType=0, hasIPv4Address=true
03-25 04:05:50.743 D/dalvikvm( 349): GREF has increased to 201
03-25 04:05:50.973 D/PhoneStatusBar( 349): mSettingsPanelGravity = 55
03-25 04:05:50.983 D/dalvikvm( 349): GC_CONCURRENT freed 279K, 10% free 3876K/4260K, paused 4ms+33ms, total 135ms
03-25 04:05:51.083 D/PhoneStatusBar( 349): mSettingsPanelGravity = 55
03-25 04:05:51.133 D/dalvikvm( 425): GC_CONCURRENT freed 181K, 6% free 4749K/5044K, paused 4ms+2ms, total 84ms
03-25 04:05:51.153 D/ConnectivityService( 285): [CheckMp] isMobileOk: start hipri url=http://clients3.google.com/generate_204
03-25 04:05:51.234 D/dalvikvm( 285): GC_CONCURRENT freed 821K, 13% free 6956K/7912K, paused 5ms+31ms, total 237ms
03-25 04:05:51.234 D/dalvikvm( 285): WAIT_FOR_CONCURRENT_GC blocked 18ms
03-25 04:05:51.234 D/dalvikvm( 285): WAIT_FOR_CONCURRENT_GC blocked 23ms
03-25 04:05:51.234 D/dalvikvm( 285): WAIT_FOR_CONCURRENT_GC blocked 153ms
03-25 04:05:51.364 V/KeyguardHostView( 285): music state changed: 0
03-25 04:05:51.404 D/dalvikvm( 349): GC_FOR_ALLOC freed 41K, 7% free 4000K/4260K, paused 80ms, total 101ms
03-25 04:05:51.434 I/Choreographer( 285): Skipped 320 frames! The application may be doing too much work on its main thread.
03-25 04:05:51.514 I/dalvikvm-heap( 349): Grow heap (frag case) to 10.128MB for 6410576-byte allocation
03-25 04:05:51.593 D/dalvikvm( 349): GC_CONCURRENT freed 1K, 3% free 10259K/10524K, paused 4ms+4ms, total 74ms
03-25 04:05:51.603 W/Launcher.Model( 425): LoaderTask running with no launcher (loadAllAppsByBatch)
03-25 04:05:51.693 D/dalvikvm( 285): GC_FOR_ALLOC freed 1215K, 25% free 6012K/7912K, paused 120ms, total 121ms
03-25 04:05:51.693 I/dalvikvm-heap( 285): Grow heap (frag case) to 7.064MB for 1128976-byte allocation
03-25 04:05:51.803 D/dalvikvm( 285): GC_FOR_ALLOC freed 8K, 22% free 7106K/9016K, paused 105ms, total 105ms
03-25 04:05:52.053 I/Choreographer( 285): Skipped 142 frames! The application may be doing too much work on its main thread.
03-25 04:05:52.204 W/WindowManager( 285): Window freeze timeout expired.
03-25 04:05:52.204 W/WindowManager( 285): Force clearing orientation change: Window{41c064f8 u0 StatusBar}
03-25 04:05:52.204 W/WindowManager( 285): Force clearing orientation change: Window{4190e1d8 u0 com.android.systemui.ImageWallpaper}
03-25 04:05:52.264 D/dalvikvm( 285): GC_CONCURRENT freed 140K, 22% free 7110K/9016K, paused 23ms+47ms, total 447ms
03-25 04:05:52.404 I/Choreographer( 285): Skipped 89 frames! The application may be doing too much work on its main thread.
03-25 04:05:52.494 W/ActivityManager( 285): Activity idle timeout for ActivityRecord{41a09da8 u0 com.android.launcher/com.android.launcher2.Launcher}
03-25 04:05:52.514 I/PowerManagerService( 285): Boot animation finished.
03-25 04:05:52.574 E/BluetoothAdapter( 285): Bluetooth binder is null
03-25 04:05:52.574 E/BluetoothAdapter( 285): Bluetooth binder is null
03-25 04:05:52.574 V/WiredAccessoryManager( 285): init()
03-25 04:05:52.583 I/Choreographer( 285): Skipped 47 frames! The application may be doing too much work on its main thread.
03-25 04:05:52.593 W/WindowManager( 285): App freeze timeout expired.
03-25 04:05:52.593 W/WindowManager( 285): Force clearing freeze: AppWindowToken{4196f808 token=Token{41a0a068 ActivityRecord{41a09da8 u0 com.android.launcher/com.android.launcher2.Launcher}}}
03-25 04:05:52.593 I/WindowManager( 285): Screen frozen for +5s129ms due to AppWindowToken{4196f808 token=Token{41a0a068 ActivityRecord{41a09da8 u0 com.android.launcher/com.android.launcher2.Launcher}}}
03-25 04:05:52.633 E/SoundPool( 285): error loading /system/media/audio/ui/Effect_Tick.ogg
03-25 04:05:52.633 W/AudioService( 285): Soundpool could not load file: /system/media/audio/ui/Effect_Tick.ogg
03-25 04:05:52.633 E/SoundPool( 285): error loading /system/media/audio/ui/Effect_Tick.ogg
03-25 04:05:52.633 W/AudioService( 285): Soundpool could not load file: /system/media/audio/ui/Effect_Tick.ogg
03-25 04:05:52.633 E/SoundPool( 285): error loading /system/media/audio/ui/Effect_Tick.ogg
03-25 04:05:52.633 W/AudioService( 285): Soundpool could not load file: /system/media/audio/ui/Effect_Tick.ogg
03-25 04:05:52.633 E/SoundPool( 285): error loading /system/media/audio/ui/Effect_Tick.ogg
03-25 04:05:52.633 W/AudioService( 285): Soundpool could not load file: /system/media/audio/ui/Effect_Tick.ogg
03-25 04:05:52.633 E/SoundPool( 285): error loading /system/media/audio/ui/Effect_Tick.ogg
03-25 04:05:52.633 W/AudioService( 285): Soundpool could not load file: /system/media/audio/ui/Effect_Tick.ogg
03-25 04:05:52.633 E/SoundPool( 285): error loading /system/media/audio/ui/KeypressStandard.ogg
03-25 04:05:52.633 W/AudioService( 285): Soundpool could not load file: /system/media/audio/ui/KeypressStandard.ogg
03-25 04:05:52.633 E/SoundPool( 285): error loading /system/media/audio/ui/KeypressSpacebar.ogg
03-25 04:05:52.633 W/AudioService( 285): Soundpool could not load file: /system/media/audio/ui/KeypressSpacebar.ogg
03-25 04:05:52.633 E/SoundPool( 285): error loading /system/media/audio/ui/KeypressDelete.ogg
03-25 04:05:52.633 W/AudioService( 285): Soundpool could not load file: /system/media/audio/ui/KeypressDelete.ogg
03-25 04:05:52.633 E/SoundPool( 285): error loading /system/media/audio/ui/KeypressReturn.ogg
03-25 04:05:52.633 W/AudioService( 285): Soundpool could not load file: /system/media/audio/ui/KeypressReturn.ogg
03-25 04:05:52.633 W/AudioService( 285): onLoadSoundEffects(), Error -1 while loading samples
03-25 04:05:52.683 I/RecoverySystem( 285): No recovery log file
03-25 04:05:52.693 I/BootReceiver( 285): Copying audit failures to DropBox
03-25 04:05:52.813 I/Choreographer( 285): Skipped 53 frames! The application may be doing too much work on its main thread.
03-25 04:05:52.983 V/KeyguardHostView( 285): hide transport, gen:4
03-25 04:05:52.983 V/KeyguardHostView( 285): update widget: transport state changed
03-25 04:05:52.983 I/Choreographer( 285): Skipped 33 frames! The application may be doing too much work on its main thread.
03-25 04:05:53.123 D/dalvikvm( 349): GC_FOR_ALLOC freed <1K, 3% free 10259K/10524K, paused 115ms, total 115ms
03-25 04:05:53.214 I/dalvikvm-heap( 349): Grow heap (frag case) to 12.826MB for 2828816-byte allocation
03-25 04:05:53.244 D/Tethering( 285): MasterInitialState.processMessage what=3
03-25 04:05:53.244 D/CaptivePortalTracker( 285): NoActiveNetworkState{ what=1 when=0 obj=NetworkInfo: type: mobile[UMTS], state: CONNECTED/CONNECTED, reason: connected, extra: epc.tmobile.com, roaming: false, failover: false, isAvailable: true }
03-25 04:05:53.244 D/CaptivePortalTracker( 285): ActiveNetworkState
03-25 04:05:53.244 D/CaptivePortalTracker( 285): DelayedCaptiveCheckState
03-25 04:05:53.294 D/dalvikvm( 349): GC_CONCURRENT freed 0K, 3% free 13022K/13288K, paused 4ms+4ms, total 72ms
03-25 04:05:53.294 D/dalvikvm( 349): WAIT_FOR_CONCURRENT_GC blocked 36ms
03-25 04:05:53.294 D/dalvikvm( 349): WAIT_FOR_CONCURRENT_GC blocked 52ms
03-25 04:05:53.304 D/gralloc_goldfish( 349): Emulator without GPU emulation detected.
03-25 04:05:53.464 I/Choreographer( 349): Skipped 1008 frames! The application may be doing too much work on its main thread.
03-25 04:05:53.514 I/SurfaceFlinger( 37): Boot is finished (29719 ms)
03-25 04:05:53.524 I/ActivityManager( 285): Config changes=1400 {1.0 310mcc260mnc en_US ldltr sw320dp w320dp h508dp 240dpi nrml long port finger -keyb/v/h tball/v s.6}
03-25 04:05:53.554 D/dalvikvm( 425): GC_FOR_ALLOC freed 287K, 8% free 4957K/5360K, paused 151ms, total 161ms
03-25 04:05:53.663 I/dalvikvm-heap( 425): Grow heap (frag case) to 6.323MB for 1440016-byte allocation
03-25 04:05:53.794 D/dalvikvm( 425): GC_FOR_ALLOC freed 24K, 7% free 6339K/6768K, paused 121ms, total 136ms
03-25 04:05:53.853 D/dalvikvm( 425): GC_CONCURRENT freed <1K, 7% free 6339K/6768K, paused 4ms+3ms, total 50ms
03-25 04:05:54.003 D/ConnectivityService( 285): startUsingNetworkFeature reconnecting to 0: enableHIPRI
03-25 04:05:54.123 D/PhoneStatusBar( 349): mSettingsPanelGravity = 55
03-25 04:05:54.153 I/Choreographer( 349): Skipped 38 frames! The application may be doing too much work on its main thread.
03-25 04:05:54.314 D/Launcher.Model( 425): Reload apps on config change. curr_mcc:310 prevmcc:0
03-25 04:05:54.324 I/Choreographer( 425): Skipped 878 frames! The application may be doing too much work on its main thread.
03-25 04:05:54.593 D/gralloc_goldfish( 425): Emulator without GPU emulation detected.
03-25 04:05:54.823 D/dalvikvm( 425): GC_FOR_ALLOC freed 1506K, 27% free 5153K/6968K, paused 128ms, total 152ms
03-25 04:05:54.843 D/dalvikvm( 285): GC_EXPLICIT freed 1364K, 35% free 5948K/9016K, paused 79ms+9ms, total 235ms
03-25 04:05:54.843 I/dalvikvm-heap( 425): Grow heap (frag case) to 6.537MB for 1463056-byte allocation
03-25 04:05:54.873 D/dalvikvm( 425): GC_CONCURRENT freed 9K, 22% free 6572K/8400K, paused 4ms+3ms, total 31ms
03-25 04:05:54.873 D/dalvikvm( 425): WAIT_FOR_CONCURRENT_GC blocked 27ms
03-25 04:05:54.903 D/dalvikvm( 425): GC_FOR_ALLOC freed <1K, 22% free 6572K/8400K, paused 25ms, total 25ms
03-25 04:05:54.913 I/dalvikvm-heap( 425): Grow heap (frag case) to 7.922MB for 1463056-byte allocation
03-25 04:05:54.943 D/dalvikvm( 425): GC_CONCURRENT freed 0K, 19% free 8001K/9832K, paused 4ms+7ms, total 35ms
03-25 04:05:54.943 D/dalvikvm( 425): WAIT_FOR_CONCURRENT_GC blocked 31ms
03-25 04:05:55.093 I/ActivityManager( 285): Displayed com.android.launcher/com.android.launcher2.Launcher: +13s520ms
03-25 04:05:55.254 W/dalvikvm( 562): PR_CAPBSET_DROP 0 failed: Invalid argument. Please make sure your kernel is compiled with file capabilities support enabled.
03-25 04:05:55.254 W/dalvikvm( 562): PR_CAPBSET_DROP 1 failed: Invalid argument. Please make sure your kernel is compiled with file capabilities support enabled.
03-25 04:05:55.254 W/dalvikvm( 562): PR_CAPBSET_DROP 2 failed: Invalid argument. Please make sure your kernel is compiled with file capabilities support enabled.
03-25 04:05:55.254 W/dalvikvm( 562): PR_CAPBSET_DROP 3 failed: Invalid argument. Please make sure your kernel is compiled with file capabilities support enabled.
03-25 04:05:55.254 W/dalvikvm( 562): PR_CAPBSET_DROP 4 failed: Invalid argument. Please make sure your kernel is compiled with file capabilities support enabled.
03-25 04:05:55.254 W/dalvikvm( 562): PR_CAPBSET_DROP 5 failed: Invalid argument. Please make sure your kernel is compiled with file capabilities support enabled.
03-25 04:05:55.254 W/dalvikvm( 562): PR_CAPBSET_DROP 6 failed: Invalid argument. Please make sure your kernel is compiled with file capabilities support enabled.
03-25 04:05:55.254 W/dalvikvm( 562): PR_CAPBSET_DROP 7 failed: Invalid argument. Please make sure your kernel is compiled with file capabilities support enabled.
03-25 04:05:55.254 W/dalvikvm( 562): PR_CAPBSET_DROP 8 failed: Invalid argument. Please make sure your kernel is compiled with file capabilities support enabled.
03-25 04:05:55.254 W/dalvikvm( 562): PR_CAPBSET_DROP 9 failed: Invalid argument. Please make sure your kernel is compiled with file capabilities support enabled.
03-25 04:05:55.254 W/dalvikvm( 562): PR_CAPBSET_DROP 10 failed: Invalid argument. Please make sure your kernel is compiled with file capabilities support enabled.
03-25 04:05:55.254 W/dalvikvm( 562): PR_CAPBSET_DROP 11 failed: Invalid argument. Please make sure your kernel is compiled with file capabilities support enabled.
03-25 04:05:55.254 W/dalvikvm( 562): PR_CAPBSET_DROP 12 failed: Invalid argument. Please make sure your kernel is compiled with file capabilities support enabled.
03-25 04:05:55.254 W/dalvikvm( 562): PR_CAPBSET_DROP 13 failed: Invalid argument. Please make sure your kernel is compiled with file capabilities support enabled.
03-25 04:05:55.254 W/dalvikvm( 562): PR_CAPBSET_DROP 14 failed: Invalid argument. Please make sure your kernel is compiled with file capabilities support enabled.
03-25 04:05:55.254 W/dalvikvm( 562): PR_CAPBSET_DROP 15 failed: Invalid argument. Please make sure your kernel is compiled with file capabilities support enabled.
03-25 04:05:55.254 W/dalvikvm( 562): PR_CAPBSET_DROP 16 failed: Invalid argument. Please make sure your kernel is compiled with file capabilities support enabled.
03-25 04:05:55.254 W/dalvikvm( 562): PR_CAPBSET_DROP 17 failed: Invalid argument. Please make sure your kernel is compiled with file capabilities support enabled.
03-25 04:05:55.254 W/dalvikvm( 562): PR_CAPBSET_DROP 18 failed: Invalid argument. Please make sure your kernel is compiled with file capabilities support enabled.
03-25 04:05:55.254 W/dalvikvm( 562): PR_CAPBSET_DROP 19 failed: Invalid argument. Please make sure your kernel is compiled with file capabilities support enabled.
03-25 04:05:55.254 W/dalvikvm( 562): PR_CAPBSET_DROP 20 failed: Invalid argument. Please make sure your kernel is compiled with file capabilities support enabled.
03-25 04:05:55.254 W/dalvikvm( 562): PR_CAPBSET_DROP 21 failed: Invalid argument. Please make sure your kernel is compiled with file capabilities support enabled.
03-25 04:05:55.254 W/dalvikvm( 562): PR_CAPBSET_DROP 22 failed: Invalid argument. Please make sure your kernel is compiled with file capabilities support enabled.
03-25 04:05:55.254 W/dalvikvm( 562): PR_CAPBSET_DROP 23 failed: Invalid argument. Please make sure your kernel is compiled with file capabilities support enabled.
03-25 04:05:55.254 W/dalvikvm( 562): PR_CAPBSET_DROP 24 failed: Invalid argument. Please make sure your kernel is compiled with file capabilities support enabled.
03-25 04:05:55.254 W/dalvikvm( 562): PR_CAPBSET_DROP 25 failed: Invalid argument. Please make sure your kernel is compiled with file capabilities support enabled.
03-25 04:05:55.254 W/dalvikvm( 562): PR_CAPBSET_DROP 26 failed: Invalid argument. Please make sure your kernel is compiled with file capabilities support enabled.
03-25 04:05:55.254 W/dalvikvm( 562): PR_CAPBSET_DROP 27 failed: Invalid argument. Please make sure your kernel is compiled with file capabilities support enabled.
03-25 04:05:55.254 W/dalvikvm( 562): PR_CAPBSET_DROP 28 failed: Invalid argument. Please make sure your kernel is compiled with file capabilities support enabled.
03-25 04:05:55.254 W/dalvikvm( 562): PR_CAPBSET_DROP 29 failed: Invalid argument. Please make sure your kernel is compiled with file capabilities support enabled.
03-25 04:05:55.254 W/dalvikvm( 562): PR_CAPBSET_DROP 30 failed: Invalid argument. Please make sure your kernel is compiled with file capabilities support enabled.
03-25 04:05:55.254 W/dalvikvm( 562): PR_CAPBSET_DROP 31 failed: Invalid argument. Please make sure your kernel is compiled with file capabilities support enabled.
03-25 04:05:55.254 W/dalvikvm( 562): PR_CAPBSET_DROP 32 failed: Invalid argument. Please make sure your kernel is compiled with file capabilities support enabled.
03-25 04:05:55.254 W/dalvikvm( 562): PR_CAPBSET_DROP 33 failed: Invalid argument. Please make sure your kernel is compiled with file capabilities support enabled.
03-25 04:05:55.274 I/ActivityManager( 285): Start proc com.android.exchange for broadcast com.android.exchange/.service.ExchangeBroadcastReceiver: pid=562 uid=10008 gids={50008, 3003, 1015, 1028}
03-25 04:05:55.384 D/ConnectivityService( 285): ConnectivityChange for mobile_hipri: CONNECTED/CONNECTED
03-25 04:05:55.524 E/logwrapper( 577): executing /system/bin/ip failed: No such file or directory
03-25 04:05:55.544 E/SecondaryTablController( 34): ip route add failed: /system/bin/ip route add 10.0.2.2/32 via 0.0.0.0 dev eth0 table 60
03-25 04:05:55.544 W/FrameworkListener( 34): Handler 'interface' error (No such device)
03-25 04:05:55.554 E/ConnectivityService( 285): Exception trying to add a route: java.lang.IllegalStateException: command '13 interface route add eth0 secondary 10.0.2.2 32 0.0.0.0' failed with '400 13 ip route modification failed (No such device)'
03-25 04:05:55.574 E/logwrapper( 578): executing /system/bin/ip failed: No such file or directory
03-25 04:05:55.583 E/SecondaryTablController( 34): ip route add failed: /system/bin/ip route add 0.0.0.0/0 via 10.0.2.2 dev eth0 table 60
03-25 04:05:55.583 W/FrameworkListener( 34): Handler 'interface' error (No such device)
03-25 04:05:55.583 E/ConnectivityService( 285): Exception trying to add a route: java.lang.IllegalStateException: command '14 interface route add eth0 secondary 0.0.0.0 0 10.0.2.2' failed with '400 14 ip route modification failed (No such device)'
03-25 04:05:55.583 D/Nat464Xlat( 285): requiresClat: netType=5, hasIPv4Address=true
03-25 04:05:55.643 W/dalvikvm( 579): PR_CAPBSET_DROP 0 failed: Invalid argument. Please make sure your kernel is compiled with file capabilities support enabled.
03-25 04:05:55.643 W/dalvikvm( 579): PR_CAPBSET_DROP 1 failed: Invalid argument. Please make sure your kernel is compiled with file capabilities support enabled.
03-25 04:05:55.643 W/dalvikvm( 579): PR_CAPBSET_DROP 2 failed: Invalid argument. Please make sure your kernel is compiled with file capabilities support enabled.
03-25 04:05:55.643 W/dalvikvm( 579): PR_CAPBSET_DROP 3 failed: Invalid argument. Please make sure your kernel is compiled with file capabilities support enabled.
03-25 04:05:55.643 W/dalvikvm( 579): PR_CAPBSET_DROP 4 failed: Invalid argument. Please make sure your kernel is compiled with file capabilities support enabled.
03-25 04:05:55.643 W/dalvikvm( 579): PR_CAPBSET_DROP 5 failed: Invalid argument. Please make sure your kernel is compiled with file capabilities support enabled.
03-25 04:05:55.643 W/dalvikvm( 579): PR_CAPBSET_DROP 6 failed: Invalid argument. Please make sure your kernel is compiled with file capabilities support enabled.
03-25 04:05:55.643 W/dalvikvm( 579): PR_CAPBSET_DROP 7 failed: Invalid argument. Please make sure your kernel is compiled with file capabilities support enabled.
03-25 04:05:55.643 W/dalvikvm( 579): PR_CAPBSET_DROP 8 failed: Invalid argument. Please make sure your kernel is compiled with file capabilities support enabled.
03-25 04:05:55.643 W/dalvikvm( 579): PR_CAPBSET_DROP 9 failed: Invalid argument. Please make sure your kernel is compiled with file capabilities support enabled.
03-25 04:05:55.643 W/dalvikvm( 579): PR_CAPBSET_DROP 10 failed: Invalid argument. Please make sure your kernel is compiled with file capabilities support enabled.
03-25 04:05:55.643 W/dalvikvm( 579): PR_CAPBSET_DROP 11 failed: Invalid argument. Please make sure your kernel is compiled with file capabilities support enabled.
03-25 04:05:55.643 W/dalvikvm( 579): PR_CAPBSET_DROP 12 failed: Invalid argument. Please make sure your kernel is compiled with file capabilities support enabled.
03-25 04:05:55.643 W/dalvikvm( 579): PR_CAPBSET_DROP 13 failed: Invalid argument. Please make sure your kernel is compiled with file capabilities support enabled.
03-25 04:05:55.643 W/dalvikvm( 579): PR_CAPBSET_DROP 14 failed: Invalid argument. Please make sure your kernel is compiled with file capabilities support enabled.
03-25 04:05:55.643 W/dalvikvm( 579): PR_CAPBSET_DROP 15 failed: Invalid argument. Please make sure your kernel is compiled with file capabilities support enabled.
03-25 04:05:55.643 W/dalvikvm( 579): PR_CAPBSET_DROP 16 failed: Invalid argument. Please make sure your kernel is compiled with file capabilities support enabled.
03-25 04:05:55.643 W/dalvikvm( 579): PR_CAPBSET_DROP 17 failed: Invalid argument. Please make sure your kernel is compiled with file capabilities support enabled.
03-25 04:05:55.643 W/dalvikvm( 579): PR_CAPBSET_DROP 18 failed: Invalid argument. Please make sure your kernel is compiled with file capabilities support enabled.
03-25 04:05:55.643 W/dalvikvm( 579): PR_CAPBSET_DROP 19 failed: Invalid argument. Please make sure your kernel is compiled with file capabilities support enabled.
03-25 04:05:55.643 W/dalvikvm( 579): PR_CAPBSET_DROP 20 failed: Invalid argument. Please make sure your kernel is compiled with file capabilities support enabled.
03-25 04:05:55.643 W/dalvikvm( 579): PR_CAPBSET_DROP 21 failed: Invalid argument. Please make sure your kernel is compiled with file capabilities support enabled.
03-25 04:05:55.643 W/dalvikvm( 579): PR_CAPBSET_DROP 22 failed: Invalid argument. Please make sure your kernel is compiled with file capabilities support enabled.
03-25 04:05:55.643 W/dalvikvm( 579): PR_CAPBSET_DROP 23 failed: Invalid argument. Please make sure your kernel is compiled with file capabilities support enabled.
03-25 04:05:55.643 W/dalvikvm( 579): PR_CAPBSET_DROP 24 failed: Invalid argument. Please make sure your kernel is compiled with file capabilities support enabled.
03-25 04:05:55.643 W/dalvikvm( 579): PR_CAPBSET_DROP 25 failed: Invalid argument. Please make sure your kernel is compiled with file capabilities support enabled.
03-25 04:05:55.643 W/dalvikvm( 579): PR_CAPBSET_DROP 26 failed: Invalid argument. Please make sure your kernel is compiled with file capabilities support enabled.
03-25 04:05:55.643 W/dalvikvm( 579): PR_CAPBSET_DROP 27 failed: Invalid argument. Please make sure your kernel is compiled with file capabilities support enabled.
03-25 04:05:55.643 W/dalvikvm( 579): PR_CAPBSET_DROP 28 failed: Invalid argument. Please make sure your kernel is compiled with file capabilities support enabled.
03-25 04:05:55.643 W/dalvikvm( 579): PR_CAPBSET_DROP 29 failed: Invalid argument. Please make sure your kernel is compiled with file capabilities support enabled.
03-25 04:05:55.643 W/dalvikvm( 579): PR_CAPBSET_DROP 30 failed: Invalid argument. Please make sure your kernel is compiled with file capabilities support enabled.
03-25 04:05:55.643 W/dalvikvm( 579): PR_CAPBSET_DROP 31 failed: Invalid argument. Please make sure your kernel is compiled with file capabilities support enabled.
03-25 04:05:55.643 W/dalvikvm( 579): PR_CAPBSET_DROP 32 failed: Invalid argument. Please make sure your kernel is compiled with file capabilities support enabled.
03-25 04:05:55.643 W/dalvikvm( 579): PR_CAPBSET_DROP 33 failed: Invalid argument. Please make sure your kernel is compiled with file capabilities support enabled.
03-25 04:05:55.653 I/ActivityManager( 285): Start proc com.android.calendar for broadcast com.android.calendar/.alerts.AlertReceiver: pid=579 uid=10009 gids={50009, 3003, 1028}
03-25 04:05:55.683 D/ExchangeService( 562): !!! EAS ExchangeService, onStartCommand, startingUp = false, running = false
03-25 04:05:55.803 W/dalvikvm( 596): PR_CAPBSET_DROP 0 failed: Invalid argument. Please make sure your kernel is compiled with file capabilities support enabled.
03-25 04:05:55.803 W/dalvikvm( 596): PR_CAPBSET_DROP 1 failed: Invalid argument. Please make sure your kernel is compiled with file capabilities support enabled.
03-25 04:05:55.803 W/dalvikvm( 596): PR_CAPBSET_DROP 2 failed: Invalid argument. Please make sure your kernel is compiled with file capabilities support enabled.
03-25 04:05:55.803 W/dalvikvm( 596): PR_CAPBSET_DROP 3 failed: Invalid argument. Please make sure your kernel is compiled with file capabilities support enabled.
03-25 04:05:55.803 W/dalvikvm( 596): PR_CAPBSET_DROP 4 failed: Invalid argument. Please make sure your kernel is compiled with file capabilities support enabled.
03-25 04:05:55.803 W/dalvikvm( 596): PR_CAPBSET_DROP 5 failed: Invalid argument. Please make sure your kernel is compiled with file capabilities support enabled.
03-25 04:05:55.803 W/dalvikvm( 596): PR_CAPBSET_DROP 6 failed: Invalid argument. Please make sure your kernel is compiled with file capabilities support enabled.
03-25 04:05:55.803 W/dalvikvm( 596): PR_CAPBSET_DROP 7 failed: Invalid argument. Please make sure your kernel is compiled with file capabilities support enabled.
03-25 04:05:55.803 W/dalvikvm( 596): PR_CAPBSET_DROP 8 failed: Invalid argument. Please make sure your kernel is compiled with file capabilities support enabled.
03-25 04:05:55.803 W/dalvikvm( 596): PR_CAPBSET_DROP 9 failed: Invalid argument. Please make sure your kernel is compiled with file capabilities support enabled.
03-25 04:05:55.803 W/dalvikvm( 596): PR_CAPBSET_DROP 10 failed: Invalid argument. Please make sure your kernel is compiled with file capabilities support enabled.
03-25 04:05:55.803 W/dalvikvm( 596): PR_CAPBSET_DROP 11 failed: Invalid argument. Please make sure your kernel is compiled with file capabilities support enabled.
