03-25 04:09:33.123 W/dalvikvm( 813): PR_CAPBSET_DROP 10 failed: Invalid argument. Please make sure your kernel is compiled with file capabilities support enabled.
03-25 04:09:33.123 W/dalvikvm( 813): PR_CAPBSET_DROP 11 failed: Invalid argument. Please make sure your kernel is compiled with file capabilities support enabled.
03-25 04:09:33.123 W/dalvikvm( 813): PR_CAPBSET_DROP 12 failed: Invalid argument. Please make sure your kernel is compiled with file capabilities support enabled.
03-25 04:09:33.123 W/dalvikvm( 813): PR_CAPBSET_DROP 13 failed: Invalid argument. Please make sure your kernel is compiled with file capabilities support enabled.
03-25 04:09:33.123 W/dalvikvm( 813): PR_CAPBSET_DROP 14 failed: Invalid argument. Please make sure your kernel is compiled with file capabilities support enabled.
03-25 04:09:33.123 W/dalvikvm( 813): PR_CAPBSET_DROP 15 failed: Invalid argument. Please make sure your kernel is compiled with file capabilities support enabled.
03-25 04:09:33.123 W/dalvikvm( 813): PR_CAPBSET_DROP 16 failed: Invalid argument. Please make sure your kernel is compiled with file capabilities support enabled.
03-25 04:09:33.123 W/dalvikvm( 813): PR_CAPBSET_DROP 17 failed: Invalid argument. Please make sure your kernel is compiled with file capabilities support enabled.
03-25 04:09:33.123 W/dalvikvm( 813): PR_CAPBSET_DROP 18 failed: Invalid argument. Please make sure your kernel is compiled with file capabilities support enabled.
03-25 04:09:33.123 W/dalvikvm( 813): PR_CAPBSET_DROP 19 failed: Invalid argument. Please make sure your kernel is compiled with file capabilities support enabled.
03-25 04:09:33.134 W/dalvikvm( 813): PR_CAPBSET_DROP 20 failed: Invalid argument. Please make sure your kernel is compiled with file capabilities support enabled.
03-25 04:09:33.134 W/dalvikvm( 813): PR_CAPBSET_DROP 21 failed: Invalid argument. Please make sure your kernel is compiled with file capabilities support enabled.
03-25 04:09:33.134 W/dalvikvm( 813): PR_CAPBSET_DROP 22 failed: Invalid argument. Please make sure your kernel is compiled with file capabilities support enabled.
03-25 04:09:33.134 W/dalvikvm( 813): PR_CAPBSET_DROP 23 failed: Invalid argument. Please make sure your kernel is compiled with file capabilities support enabled.
03-25 04:09:33.134 W/dalvikvm( 813): PR_CAPBSET_DROP 24 failed: Invalid argument. Please make sure your kernel is compiled with file capabilities support enabled.
03-25 04:09:33.134 W/dalvikvm( 813): PR_CAPBSET_DROP 25 failed: Invalid argument. Please make sure your kernel is compiled with file capabilities support enabled.
03-25 04:09:33.134 W/dalvikvm( 813): PR_CAPBSET_DROP 26 failed: Invalid argument. Please make sure your kernel is compiled with file capabilities support enabled.
03-25 04:09:33.134 W/dalvikvm( 813): PR_CAPBSET_DROP 27 failed: Invalid argument. Please make sure your kernel is compiled with file capabilities support enabled.
03-25 04:09:33.134 W/dalvikvm( 813): PR_CAPBSET_DROP 28 failed: Invalid argument. Please make sure your kernel is compiled with file capabilities support enabled.
03-25 04:09:33.144 W/dalvikvm( 813): PR_CAPBSET_DROP 29 failed: Invalid argument. Please make sure your kernel is compiled with file capabilities support enabled.
03-25 04:09:33.144 W/dalvikvm( 813): PR_CAPBSET_DROP 30 failed: Invalid argument. Please make sure your kernel is compiled with file capabilities support enabled.
03-25 04:09:33.144 W/dalvikvm( 813): PR_CAPBSET_DROP 31 failed: Invalid argument. Please make sure your kernel is compiled with file capabilities support enabled.
03-25 04:09:33.144 W/dalvikvm( 813): PR_CAPBSET_DROP 32 failed: Invalid argument. Please make sure your kernel is compiled with file capabilities support enabled.
03-25 04:09:33.144 W/dalvikvm( 813): PR_CAPBSET_DROP 33 failed: Invalid argument. Please make sure your kernel is compiled with file capabilities support enabled.
03-25 04:09:33.154 I/ActivityManager( 285): Start proc com.android.quicksearchbox for broadcast com.android.quicksearchbox/.CorporaUpdateReceiver: pid=813 uid=10033 gids={50033, 3003, 1028}
03-25 04:09:33.174 W/RecognitionManagerService( 285): no available voice recognition services found for user 0
03-25 04:09:33.244 D/AndroidRuntime( 765): Shutting down VM
03-25 04:09:33.264 D/dalvikvm( 765): GC_CONCURRENT freed 91K, 17% free 477K/572K, paused 1ms+1ms, total 8ms
03-25 04:09:33.533 I/ActivityManager( 285): Force stopping package org.qeo.android.debugconfig appid=10046 user=-1
03-25 04:09:33.683 I/PackageManager( 285): Package org.qeo.android.debugconfig codePath changed from /data/app/org.qeo.android.debugconfig-1.apk to /data/app/org.qeo.android.debugconfig-2.apk; Retaining data and using new
03-25 04:09:33.693 I/PackageManager( 285): Running dexopt on: org.qeo.android.debugconfig
03-25 04:09:34.383 D/AndroidRuntime( 833):
03-25 04:09:34.383 D/AndroidRuntime( 833): >>>>>> AndroidRuntime START com.android.internal.os.RuntimeInit <<<<<<
03-25 04:09:34.383 D/AndroidRuntime( 833): CheckJNI is ON
03-25 04:09:34.423 D/dalvikvm( 833): Trying to load lib libjavacore.so 0x0
03-25 04:09:34.453 D/dalvikvm( 833): Added shared lib libjavacore.so 0x0
03-25 04:09:34.503 D/dalvikvm( 833): Trying to load lib libnativehelper.so 0x0
03-25 04:09:34.503 D/dalvikvm( 833): Added shared lib libnativehelper.so 0x0
03-25 04:09:34.643 E/cutils-trace( 833): Error opening trace file: No such file or directory (2)
03-25 04:09:35.344 D/AndroidRuntime( 833): Calling main entry com.android.commands.pm.Pm
03-25 04:09:35.493 D/dalvikvm( 834): DexOpt: load 286ms, verify+opt 915ms, 1032188 bytes
03-25 04:09:35.543 I/ActivityManager( 285): Force stopping package org.qeo.android.debugconfig appid=10046 user=-1
03-25 04:09:35.543 W/PackageManager( 285): Code path for pkg : org.qeo.android.debugconfig changing from /data/app/org.qeo.android.debugconfig-1.apk to /data/app/org.qeo.android.debugconfig-2.apk
03-25 04:09:35.543 W/PackageManager( 285): Resource path for pkg : org.qeo.android.debugconfig changing from /data/app/org.qeo.android.debugconfig-1.apk to /data/app/org.qeo.android.debugconfig-2.apk
03-25 04:09:35.703 D/dalvikvm( 285): GC_CONCURRENT freed 547K, 35% free 5184K/7912K, paused 6ms+9ms, total 76ms
03-25 04:09:35.773 I/ActivityManager( 285): Force stopping package org.qeo.android.debugconfig appid=10046 user=0
03-25 04:09:35.843 D/dalvikvm( 425): GC_EXPLICIT freed 909K, 14% free 8202K/9440K, paused 3ms+4ms, total 50ms
03-25 04:09:35.893 I/InputReader( 285): Reconfiguring input devices. changes=0x00000010
03-25 04:09:35.923 D/BackupManagerService( 285): Received broadcast Intent { act=android.intent.action.PACKAGE_REMOVED dat=package:org.qeo.android.debugconfig flg=0x8000010 (has extras) }
03-25 04:09:35.953 W/dalvikvm( 845): PR_CAPBSET_DROP 0 failed: Invalid argument. Please make sure your kernel is compiled with file capabilities support enabled.
03-25 04:09:35.953 W/dalvikvm( 845): PR_CAPBSET_DROP 1 failed: Invalid argument. Please make sure your kernel is compiled with file capabilities support enabled.
03-25 04:09:35.953 W/dalvikvm( 845): PR_CAPBSET_DROP 2 failed: Invalid argument. Please make sure your kernel is compiled with file capabilities support enabled.
03-25 04:09:35.953 W/dalvikvm( 845): PR_CAPBSET_DROP 3 failed: Invalid argument. Please make sure your kernel is compiled with file capabilities support enabled.
03-25 04:09:35.953 W/dalvikvm( 845): PR_CAPBSET_DROP 4 failed: Invalid argument. Please make sure your kernel is compiled with file capabilities support enabled.
03-25 04:09:35.953 W/dalvikvm( 845): PR_CAPBSET_DROP 5 failed: Invalid argument. Please make sure your kernel is compiled with file capabilities support enabled.
03-25 04:09:35.953 W/dalvikvm( 845): PR_CAPBSET_DROP 6 failed: Invalid argument. Please make sure your kernel is compiled with file capabilities support enabled.
03-25 04:09:35.953 W/dalvikvm( 845): PR_CAPBSET_DROP 7 failed: Invalid argument. Please make sure your kernel is compiled with file capabilities support enabled.
03-25 04:09:35.953 W/dalvikvm( 845): PR_CAPBSET_DROP 8 failed: Invalid argument. Please make sure your kernel is compiled with file capabilities support enabled.
03-25 04:09:35.953 W/dalvikvm( 845): PR_CAPBSET_DROP 9 failed: Invalid argument. Please make sure your kernel is compiled with file capabilities support enabled.
03-25 04:09:35.964 W/dalvikvm( 845): PR_CAPBSET_DROP 10 failed: Invalid argument. Please make sure your kernel is compiled with file capabilities support enabled.
03-25 04:09:35.964 W/dalvikvm( 845): PR_CAPBSET_DROP 11 failed: Invalid argument. Please make sure your kernel is compiled with file capabilities support enabled.
03-25 04:09:35.964 W/dalvikvm( 845): PR_CAPBSET_DROP 12 failed: Invalid argument. Please make sure your kernel is compiled with file capabilities support enabled.
03-25 04:09:35.964 W/dalvikvm( 845): PR_CAPBSET_DROP 13 failed: Invalid argument. Please make sure your kernel is compiled with file capabilities support enabled.
03-25 04:09:35.964 W/dalvikvm( 845): PR_CAPBSET_DROP 14 failed: Invalid argument. Please make sure your kernel is compiled with file capabilities support enabled.
03-25 04:09:35.964 W/dalvikvm( 845): PR_CAPBSET_DROP 15 failed: Invalid argument. Please make sure your kernel is compiled with file capabilities support enabled.
03-25 04:09:35.964 W/dalvikvm( 845): PR_CAPBSET_DROP 16 failed: Invalid argument. Please make sure your kernel is compiled with file capabilities support enabled.
03-25 04:09:35.964 W/dalvikvm( 845): PR_CAPBSET_DROP 17 failed: Invalid argument. Please make sure your kernel is compiled with file capabilities support enabled.
03-25 04:09:35.964 W/dalvikvm( 845): PR_CAPBSET_DROP 18 failed: Invalid argument. Please make sure your kernel is compiled with file capabilities support enabled.
03-25 04:09:35.964 W/dalvikvm( 845): PR_CAPBSET_DROP 19 failed: Invalid argument. Please make sure your kernel is compiled with file capabilities support enabled.
03-25 04:09:35.964 W/dalvikvm( 845): PR_CAPBSET_DROP 20 failed: Invalid argument. Please make sure your kernel is compiled with file capabilities support enabled.
03-25 04:09:35.964 W/dalvikvm( 845): PR_CAPBSET_DROP 21 failed: Invalid argument. Please make sure your kernel is compiled with file capabilities support enabled.
03-25 04:09:35.974 W/dalvikvm( 845): PR_CAPBSET_DROP 22 failed: Invalid argument. Please make sure your kernel is compiled with file capabilities support enabled.
03-25 04:09:35.974 W/dalvikvm( 845): PR_CAPBSET_DROP 23 failed: Invalid argument. Please make sure your kernel is compiled with file capabilities support enabled.
03-25 04:09:35.974 W/dalvikvm( 845): PR_CAPBSET_DROP 24 failed: Invalid argument. Please make sure your kernel is compiled with file capabilities support enabled.
03-25 04:09:35.974 W/dalvikvm( 845): PR_CAPBSET_DROP 25 failed: Invalid argument. Please make sure your kernel is compiled with file capabilities support enabled.
03-25 04:09:35.974 W/dalvikvm( 845): PR_CAPBSET_DROP 26 failed: Invalid argument. Please make sure your kernel is compiled with file capabilities support enabled.
03-25 04:09:35.974 W/dalvikvm( 845): PR_CAPBSET_DROP 27 failed: Invalid argument. Please make sure your kernel is compiled with file capabilities support enabled.
03-25 04:09:35.984 W/dalvikvm( 845): PR_CAPBSET_DROP 28 failed: Invalid argument. Please make sure your kernel is compiled with file capabilities support enabled.
03-25 04:09:35.984 W/dalvikvm( 845): PR_CAPBSET_DROP 29 failed: Invalid argument. Please make sure your kernel is compiled with file capabilities support enabled.
03-25 04:09:35.984 W/dalvikvm( 845): PR_CAPBSET_DROP 30 failed: Invalid argument. Please make sure your kernel is compiled with file capabilities support enabled.
03-25 04:09:35.984 W/dalvikvm( 845): PR_CAPBSET_DROP 31 failed: Invalid argument. Please make sure your kernel is compiled with file capabilities support enabled.
03-25 04:09:35.984 W/dalvikvm( 845): PR_CAPBSET_DROP 32 failed: Invalid argument. Please make sure your kernel is compiled with file capabilities support enabled.
03-25 04:09:35.984 W/dalvikvm( 845): PR_CAPBSET_DROP 33 failed: Invalid argument. Please make sure your kernel is compiled with file capabilities support enabled.
03-25 04:09:35.994 I/ActivityManager( 285): Start proc com.android.keychain for broadcast com.android.keychain/.KeyChainBroadcastReceiver: pid=845 uid=1000 gids={41000, 1015, 1028, 3002, 3001, 3003}
03-25 04:09:36.064 D/BackupManagerService( 285): Received broadcast Intent { act=android.intent.action.PACKAGE_ADDED dat=package:org.qeo.android.debugconfig flg=0x8000010 (has extras) }
03-25 04:09:36.064 V/BackupManagerService( 285): removePackageParticipantsLocked: uid=10046 #1
03-25 04:09:36.084 I/InputReader( 285): Reconfiguring input devices. changes=0x00000010
03-25 04:09:36.103 V/BackupManagerService( 285): addPackageParticipantsLocked: #1
03-25 04:09:36.174 W/ContextImpl( 845): Calling a method in the system process without a qualified user: android.app.ContextImpl.startService:1385 android.content.ContextWrapper.startService:473 android.content.ContextWrapper.startService:473 com.android.keychain.KeyChainBroadcastReceiver.onReceive:12 android.app.ActivityThread.handleReceiver:2424
03-25 04:09:36.533 D/dalvikvm( 285): GC_EXPLICIT freed 422K, 35% free 5184K/7912K, paused 4ms+20ms, total 295ms
03-25 04:09:36.593 D/AndroidRuntime( 764): Shutting down VM
03-25 04:09:36.603 D/dalvikvm( 764): GC_CONCURRENT freed 91K, 17% free 477K/572K, paused 1ms+1ms, total 7ms
03-25 04:09:36.633 W/ActivityManager( 285): No content provider found for permission revoke: file:///data/local/tmp/qeo-android-debugconfig-debug-test-unaligned.apk
03-25 04:09:36.643 W/ActivityManager( 285): No content provider found for permission revoke: file:///data/local/tmp/qeo-android-debugconfig-debug-test-unaligned.apk
03-25 04:09:36.643 I/PackageManager( 285): Copying native libraries to /data/app-lib/vmdl2105792735
03-25 04:09:36.673 W/RecognitionManagerService( 285): no available voice recognition services found for user 0
03-25 04:09:36.713 I/Choreographer( 425): Skipped 37 frames! The application may be doing too much work on its main thread.
03-25 04:09:36.793 I/PackageManager( 285): Running dexopt on: org.qeo.android.debugconfig.test
03-25 04:09:36.933 D/dalvikvm( 861): DexOpt: load 12ms, verify+opt 1ms, 81092 bytes
03-25 04:09:37.214 I/ActivityManager( 285): Force stopping package org.qeo.android.debugconfig.test appid=10047 user=-1
03-25 04:09:37.513 D/BackupManagerService( 285): Received broadcast Intent { act=android.intent.action.PACKAGE_ADDED dat=package:org.qeo.android.debugconfig.test flg=0x8000010 (has extras) }
03-25 04:09:37.543 I/InputReader( 285): Reconfiguring input devices. changes=0x00000010
03-25 04:09:37.583 V/BackupManagerService( 285): addPackageParticipantsLocked: #1
03-25 04:09:37.594 D/AndroidRuntime( 868):
03-25 04:09:37.594 D/AndroidRuntime( 868): >>>>>> AndroidRuntime START com.android.internal.os.RuntimeInit <<<<<<
03-25 04:09:37.594 D/AndroidRuntime( 868): CheckJNI is ON
03-25 04:09:37.633 D/dalvikvm( 868): Trying to load lib libjavacore.so 0x0
03-25 04:09:37.653 D/dalvikvm( 868): Added shared lib libjavacore.so 0x0
03-25 04:09:37.713 D/dalvikvm( 868): Trying to load lib libnativehelper.so 0x0
03-25 04:09:37.713 D/dalvikvm( 868): Added shared lib libnativehelper.so 0x0
03-25 04:09:37.763 D/dalvikvm( 285): GC_CONCURRENT freed 621K, 35% free 5188K/7912K, paused 39ms+18ms, total 352ms
03-25 04:09:37.853 E/cutils-trace( 868): Error opening trace file: No such file or directory (2)
03-25 04:09:38.264 W/RecognitionManagerService( 285): no available voice recognition services found for user 0
03-25 04:09:38.384 D/dalvikvm( 285): GC_EXPLICIT freed 113K, 35% free 5175K/7912K, paused 25ms+78ms, total 598ms
03-25 04:09:38.393 D/AndroidRuntime( 833): Shutting down VM
03-25 04:09:38.403 D/dalvikvm( 833): GC_CONCURRENT freed 91K, 17% free 477K/572K, paused 1ms+1ms, total 8ms
03-25 04:09:38.593 D/AndroidRuntime( 868): Calling main entry com.android.commands.pm.Pm
03-25 04:09:38.663 W/ActivityManager( 285): No content provider found for permission revoke: file:///data/local/tmp/qeo-android-debugconfig-debug-test-unaligned.apk
03-25 04:09:38.733 D/dalvikvm( 477): GC_CONCURRENT freed 308K, 13% free 2971K/3396K, paused 3ms+6ms, total 130ms
03-25 04:09:38.743 W/ActivityManager( 285): No content provider found for permission revoke: file:///data/local/tmp/qeo-android-debugconfig-debug-test-unaligned.apk
03-25 04:09:38.743 I/PackageManager( 285): Copying native libraries to /data/app-lib/vmdl254863188
03-25 04:09:38.843 I/ActivityManager( 285): Force stopping package org.qeo.android.debugconfig.test appid=10047 user=-1
03-25 04:09:38.964 I/PackageManager( 285): Package org.qeo.android.debugconfig.test codePath changed from /data/app/org.qeo.android.debugconfig.test-1.apk to /data/app/org.qeo.android.debugconfig.test-2.apk; Retaining data and using new
03-25 04:09:38.964 I/PackageManager( 285): Running dexopt on: org.qeo.android.debugconfig.test
03-25 04:09:39.094 D/dalvikvm( 883): DexOpt: load 21ms, verify+opt 4ms, 81092 bytes
03-25 04:09:39.104 I/ActivityManager( 285): Force stopping package org.qeo.android.debugconfig.test appid=10047 user=-1
03-25 04:09:39.114 W/PackageManager( 285): Code path for pkg : org.qeo.android.debugconfig.test changing from /data/app/org.qeo.android.debugconfig.test-1.apk to /data/app/org.qeo.android.debugconfig.test-2.apk
03-25 04:09:39.114 W/PackageManager( 285): Resource path for pkg : org.qeo.android.debugconfig.test changing from /data/app/org.qeo.android.debugconfig.test-1.apk to /data/app/org.qeo.android.debugconfig.test-2.apk
03-25 04:09:39.363 D/AndroidRuntime( 881):
03-25 04:09:39.363 D/AndroidRuntime( 881): >>>>>> AndroidRuntime START com.android.internal.os.RuntimeInit <<<<<<
03-25 04:09:39.363 D/AndroidRuntime( 881): CheckJNI is ON
03-25 04:09:39.403 D/dalvikvm( 881): Trying to load lib libjavacore.so 0x0
03-25 04:09:39.433 D/dalvikvm( 881): Added shared lib libjavacore.so 0x0
03-25 04:09:39.483 D/dalvikvm( 881): Trying to load lib libnativehelper.so 0x0
03-25 04:09:39.493 D/dalvikvm( 881): Added shared lib libnativehelper.so 0x0
03-25 04:09:39.503 D/dalvikvm( 285): GC_CONCURRENT freed 588K, 35% free 5162K/7912K, paused 13ms+8ms, total 162ms
03-25 04:09:39.513 I/ActivityManager( 285): Force stopping package org.qeo.android.debugconfig.test appid=10047 user=0
03-25 04:09:39.623 E/cutils-trace( 881): Error opening trace file: No such file or directory (2)
03-25 04:09:39.693 I/InputReader( 285): Reconfiguring input devices. changes=0x00000010
03-25 04:09:39.693 D/BackupManagerService( 285): Received broadcast Intent { act=android.intent.action.PACKAGE_REMOVED dat=package:org.qeo.android.debugconfig.test flg=0x8000010 (has extras) }
03-25 04:09:39.743 W/ContextImpl( 845): Calling a method in the system process without a qualified user: android.app.ContextImpl.startService:1385 android.content.ContextWrapper.startService:473 android.content.ContextWrapper.startService:473 com.android.keychain.KeyChainBroadcastReceiver.onReceive:12 android.app.ActivityThread.handleReceiver:2424
03-25 04:09:39.923 D/BackupManagerService( 285): Received broadcast Intent { act=android.intent.action.PACKAGE_ADDED dat=package:org.qeo.android.debugconfig.test flg=0x8000010 (has extras) }
03-25 04:09:39.923 V/BackupManagerService( 285): removePackageParticipantsLocked: uid=10047 #1
03-25 04:09:39.933 V/BackupManagerService( 285): addPackageParticipantsLocked: #1
03-25 04:09:39.964 I/InputReader( 285): Reconfiguring input devices. changes=0x00000010
03-25 04:09:40.363 D/AndroidRuntime( 881): Calling main entry com.android.commands.am.Am
03-25 04:09:40.373 D/dalvikvm( 881): Note: class Landroid/app/ActivityManagerNative; has 163 unimplemented (abstract) methods
03-25 04:09:40.403 I/ActivityManager( 285): Force stopping package org.qeo.android.debugconfig appid=10046 user=0
03-25 04:09:40.423 W/dalvikvm( 896): PR_CAPBSET_DROP 0 failed: Invalid argument. Please make sure your kernel is compiled with file capabilities support enabled.
03-25 04:09:40.423 W/dalvikvm( 896): PR_CAPBSET_DROP 1 failed: Invalid argument. Please make sure your kernel is compiled with file capabilities support enabled.
03-25 04:09:40.423 W/dalvikvm( 896): PR_CAPBSET_DROP 2 failed: Invalid argument. Please make sure your kernel is compiled with file capabilities support enabled.
03-25 04:09:40.423 W/dalvikvm( 896): PR_CAPBSET_DROP 3 failed: Invalid argument. Please make sure your kernel is compiled with file capabilities support enabled.
03-25 04:09:40.423 W/dalvikvm( 896): PR_CAPBSET_DROP 4 failed: Invalid argument. Please make sure your kernel is compiled with file capabilities support enabled.
03-25 04:09:40.423 W/dalvikvm( 896): PR_CAPBSET_DROP 5 failed: Invalid argument. Please make sure your kernel is compiled with file capabilities support enabled.
03-25 04:09:40.423 W/dalvikvm( 896): PR_CAPBSET_DROP 6 failed: Invalid argument. Please make sure your kernel is compiled with file capabilities support enabled.
03-25 04:09:40.423 W/dalvikvm( 896): PR_CAPBSET_DROP 7 failed: Invalid argument. Please make sure your kernel is compiled with file capabilities support enabled.
03-25 04:09:40.423 W/dalvikvm( 896): PR_CAPBSET_DROP 8 failed: Invalid argument. Please make sure your kernel is compiled with file capabilities support enabled.
03-25 04:09:40.433 W/dalvikvm( 896): PR_CAPBSET_DROP 9 failed: Invalid argument. Please make sure your kernel is compiled with file capabilities support enabled.
03-25 04:09:40.433 W/dalvikvm( 896): PR_CAPBSET_DROP 10 failed: Invalid argument. Please make sure your kernel is compiled with file capabilities support enabled.
03-25 04:09:40.433 W/dalvikvm( 896): PR_CAPBSET_DROP 11 failed: Invalid argument. Please make sure your kernel is compiled with file capabilities support enabled.
03-25 04:09:40.433 W/dalvikvm( 896): PR_CAPBSET_DROP 12 failed: Invalid argument. Please make sure your kernel is compiled with file capabilities support enabled.
03-25 04:09:40.433 W/dalvikvm( 896): PR_CAPBSET_DROP 13 failed: Invalid argument. Please make sure your kernel is compiled with file capabilities support enabled.
03-25 04:09:40.433 W/dalvikvm( 896): PR_CAPBSET_DROP 14 failed: Invalid argument. Please make sure your kernel is compiled with file capabilities support enabled.
03-25 04:09:40.433 W/dalvikvm( 896): PR_CAPBSET_DROP 15 failed: Invalid argument. Please make sure your kernel is compiled with file capabilities support enabled.
03-25 04:09:40.433 W/dalvikvm( 896): PR_CAPBSET_DROP 16 failed: Invalid argument. Please make sure your kernel is compiled with file capabilities support enabled.
03-25 04:09:40.433 W/dalvikvm( 896): PR_CAPBSET_DROP 17 failed: Invalid argument. Please make sure your kernel is compiled with file capabilities support enabled.
03-25 04:09:40.433 W/dalvikvm( 896): PR_CAPBSET_DROP 18 failed: Invalid argument. Please make sure your kernel is compiled with file capabilities support enabled.
03-25 04:09:40.433 W/dalvikvm( 896): PR_CAPBSET_DROP 19 failed: Invalid argument. Please make sure your kernel is compiled with file capabilities support enabled.
03-25 04:09:40.443 W/dalvikvm( 896): PR_CAPBSET_DROP 20 failed: Invalid argument. Please make sure your kernel is compiled with file capabilities support enabled.
03-25 04:09:40.443 W/dalvikvm( 896): PR_CAPBSET_DROP 21 failed: Invalid argument. Please make sure your kernel is compiled with file capabilities support enabled.
03-25 04:09:40.443 W/dalvikvm( 896): PR_CAPBSET_DROP 22 failed: Invalid argument. Please make sure your kernel is compiled with file capabilities support enabled.
03-25 04:09:40.443 W/dalvikvm( 896): PR_CAPBSET_DROP 23 failed: Invalid argument. Please make sure your kernel is compiled with file capabilities support enabled.
03-25 04:09:40.443 W/dalvikvm( 896): PR_CAPBSET_DROP 24 failed: Invalid argument. Please make sure your kernel is compiled with file capabilities support enabled.
03-25 04:09:40.454 W/dalvikvm( 896): PR_CAPBSET_DROP 25 failed: Invalid argument. Please make sure your kernel is compiled with file capabilities support enabled.
03-25 04:09:40.454 W/dalvikvm( 896): PR_CAPBSET_DROP 26 failed: Invalid argument. Please make sure your kernel is compiled with file capabilities support enabled.
03-25 04:09:40.454 W/dalvikvm( 896): PR_CAPBSET_DROP 27 failed: Invalid argument. Please make sure your kernel is compiled with file capabilities support enabled.
03-25 04:09:40.454 W/dalvikvm( 896): PR_CAPBSET_DROP 28 failed: Invalid argument. Please make sure your kernel is compiled with file capabilities support enabled.
03-25 04:09:40.454 W/dalvikvm( 896): PR_CAPBSET_DROP 29 failed: Invalid argument. Please make sure your kernel is compiled with file capabilities support enabled.
03-25 04:09:40.454 W/dalvikvm( 896): PR_CAPBSET_DROP 30 failed: Invalid argument. Please make sure your kernel is compiled with file capabilities support enabled.
03-25 04:09:40.454 W/dalvikvm( 896): PR_CAPBSET_DROP 31 failed: Invalid argument. Please make sure your kernel is compiled with file capabilities support enabled.
03-25 04:09:40.454 W/dalvikvm( 896): PR_CAPBSET_DROP 32 failed: Invalid argument. Please make sure your kernel is compiled with file capabilities support enabled.
03-25 04:09:40.454 W/dalvikvm( 896): PR_CAPBSET_DROP 33 failed: Invalid argument. Please make sure your kernel is compiled with file capabilities support enabled.
03-25 04:09:40.463 D/dalvikvm( 896): Not late-enabling CheckJNI (already on)
03-25 04:09:40.463 I/ActivityManager( 285): Start proc org.qeo.android.debugconfig for added application org.qeo.android.debugconfig: pid=896 uid=10046 gids={50046, 3003, 1028}
03-25 04:09:40.693 D/dalvikvm( 896): GC_CONCURRENT freed 280K, 14% free 2642K/3040K, paused 19ms+4ms, total 67ms
03-25 04:09:40.813 D/dalvikvm( 896): GC_CONCURRENT freed 553K, 21% free 2602K/3272K, paused 4ms+2ms, total 44ms
03-25 04:09:40.813 D/dalvikvm( 896): WAIT_FOR_CONCURRENT_GC blocked 10ms
03-25 04:09:40.933 D/dalvikvm( 896): GC_CONCURRENT freed 369K, 17% free 2744K/3272K, paused 13ms+3ms, total 43ms
03-25 04:09:40.933 D/dalvikvm( 896): WAIT_FOR_CONCURRENT_GC blocked 14ms
03-25 04:09:41.114 D/dalvikvm( 896): GC_CONCURRENT freed 505K, 19% free 2684K/3308K, paused 3ms+45ms, total 87ms
03-25 04:09:41.184 W/TestGrouping( 896): Invalid Package: '' could not be found or has no tests
03-25 04:09:41.204 D/AndroidRuntime( 881): Shutting down VM
03-25 04:09:41.213 D/dalvikvm( 881): GC_CONCURRENT freed 93K, 17% free 480K/576K, paused 1ms+1ms, total 8ms
03-25 04:09:41.264 D/dalvikvm( 285): GC_EXPLICIT freed 298K, 35% free 5206K/7912K, paused 4ms+404ms, total 1029ms
03-25 04:09:41.324 D/AndroidRuntime( 868): Shutting down VM
03-25 04:09:41.334 D/dalvikvm( 868): GC_CONCURRENT freed 91K, 17% free 477K/572K, paused 1ms+2ms, total 8ms
03-25 04:09:41.433 I/ActivityManager( 285): Force stopping package org.qeo.android.debugconfig appid=10046 user=0
03-25 04:09:41.433 I/ActivityManager( 285): Killing proc 896:org.qeo.android.debugconfig/u0a10046: force stop org.qeo.android.debugconfig
03-25 04:09:41.513 W/RecognitionManagerService( 285): no available voice recognition services found for user 0
03-25 04:09:42.054 D/AndroidRuntime( 910):
03-25 04:09:42.054 D/AndroidRuntime( 910): >>>>>> AndroidRuntime START com.android.internal.os.RuntimeInit <<<<<<
03-25 04:09:42.084 D/AndroidRuntime( 910): CheckJNI is ON
03-25 04:09:42.114 D/dalvikvm( 910): Trying to load lib libjavacore.so 0x0
03-25 04:09:42.134 D/dalvikvm( 910): Added shared lib libjavacore.so 0x0
03-25 04:09:42.194 D/dalvikvm( 910): Trying to load lib libnativehelper.so 0x0
03-25 04:09:42.194 D/dalvikvm( 910): Added shared lib libnativehelper.so 0x0
03-25 04:09:42.284 D/AndroidRuntime( 915):
03-25 04:09:42.284 D/AndroidRuntime( 915): >>>>>> AndroidRuntime START com.android.internal.os.RuntimeInit <<<<<<
03-25 04:09:42.284 D/AndroidRuntime( 915): CheckJNI is ON
03-25 04:09:42.324 E/cutils-trace( 910): Error opening trace file: No such file or directory (2)
03-25 04:09:42.334 D/dalvikvm( 915): Trying to load lib libjavacore.so 0x0
03-25 04:09:42.353 D/dalvikvm( 915): Added shared lib libjavacore.so 0x0
03-25 04:09:42.413 D/dalvikvm( 915): Trying to load lib libnativehelper.so 0x0
03-25 04:09:42.413 D/dalvikvm( 915): Added shared lib libnativehelper.so 0x0
03-25 04:09:42.543 E/cutils-trace( 915): Error opening trace file: No such file or directory (2)
03-25 04:09:43.074 D/AndroidRuntime( 910): Calling main entry com.android.commands.pm.Pm
03-25 04:09:43.094 I/ActivityManager( 285): Force stopping package org.qeo.android.debugconfig.test appid=10047 user=-1
03-25 04:09:43.144 W/PackageManager( 285): Couldn't delete native library directory /data/app-lib/org.qeo.android.debugconfig.test
03-25 04:09:43.294 D/keystore( 42): calling clear_uid in state: 3
03-25 04:09:43.294 I/ActivityManager( 285): Force stopping package org.qeo.android.debugconfig.test appid=10047 user=0
03-25 04:09:43.363 D/AndroidRuntime( 915): Calling main entry com.android.commands.am.Am
03-25 04:09:43.363 D/dalvikvm( 915): Note: class Landroid/app/ActivityManagerNative; has 163 unimplemented (abstract) methods
03-25 04:09:43.443 I/InputReader( 285): Reconfiguring input devices. changes=0x00000010
03-25 04:09:43.443 W/ActivityManager( 285): Unable to find instrumentation info for: ComponentInfo{org.qeo.android.debugconfig.test/android.test.InstrumentationTestRunner}
03-25 04:09:43.483 I/AndroidRuntime( 915): VM exiting with result code 1.
03-25 04:09:43.603 D/BackupManagerService( 285): Received broadcast Intent { act=android.intent.action.PACKAGE_REMOVED dat=package:org.qeo.android.debugconfig.test flg=0x8000010 (has extras) }
03-25 04:09:43.623 V/BackupManagerService( 285): removePackageParticipantsLocked: uid=10047 #1
03-25 04:09:43.783 W/ContextImpl( 845): Calling a method in the system process without a qualified user: android.app.ContextImpl.startService:1385 android.content.ContextWrapper.startService:473 android.content.ContextWrapper.startService:473 com.android.keychain.KeyChainBroadcastReceiver.onReceive:12 android.app.ActivityThread.handleReceiver:2424
03-25 04:09:43.863 D/VoicemailCleanupService( 477): Cleaning up data for package: org.qeo.android.debugconfig.test
03-25 04:09:44.094 D/AndroidRuntime( 937):
03-25 04:09:44.094 D/AndroidRuntime( 937): >>>>>> AndroidRuntime START com.android.internal.os.RuntimeInit <<<<<<
03-25 04:09:44.114 D/AndroidRuntime( 937): CheckJNI is ON
03-25 04:09:44.164 D/dalvikvm( 937): Trying to load lib libjavacore.so 0x0
03-25 04:09:44.174 D/dalvikvm( 937): Added shared lib libjavacore.so 0x0
03-25 04:09:44.224 D/dalvikvm( 937): Trying to load lib libnativehelper.so 0x0
03-25 04:09:44.244 D/dalvikvm( 937): Added shared lib libnativehelper.so 0x0
03-25 04:09:44.334 D/dalvikvm( 285): GC_EXPLICIT freed 453K, 35% free 5172K/7912K, paused 4ms+18ms, total 347ms
03-25 04:09:44.363 E/cutils-trace( 937): Error opening trace file: No such file or directory (2)
03-25 04:09:44.373 D/AndroidRuntime( 910): Shutting down VM
03-25 04:09:44.383 D/dalvikvm( 910): GC_CONCURRENT freed 90K, 17% free 474K/568K, paused 0ms+1ms, total 7ms
03-25 04:09:45.043 D/AndroidRuntime( 937): Calling main entry com.android.commands.pm.Pm
03-25 04:09:45.064 W/PackageManager( 285): Package named 'org.qeo.android.debugconfig.test' doesn't exist.
03-25 04:09:45.214 D/dalvikvm( 285): GC_EXPLICIT freed 71K, 36% free 5108K/7912K, paused 4ms+16ms, total 147ms
03-25 04:09:45.214 D/AndroidRuntime( 937): Shutting down VM
03-25 04:09:45.224 D/dalvikvm( 937): GC_CONCURRENT freed 90K, 17% free 474K/568K, paused 1ms+1ms, total 8ms
03-25 04:09:45.294 D/AndroidRuntime( 949):
03-25 04:09:45.294 D/AndroidRuntime( 949): >>>>>> AndroidRuntime START com.android.internal.os.RuntimeInit <<<<<<
03-25 04:09:45.294 D/AndroidRuntime( 949): CheckJNI is ON
03-25 04:09:45.324 D/dalvikvm( 949): Trying to load lib libjavacore.so 0x0
03-25 04:09:45.334 D/dalvikvm( 949): Added shared lib libjavacore.so 0x0
03-25 04:09:45.363 D/dalvikvm( 949): Trying to load lib libnativehelper.so 0x0
03-25 04:09:45.363 D/dalvikvm( 949): Added shared lib libnativehelper.so 0x0
03-25 04:09:45.423 E/cutils-trace( 949): Error opening trace file: No such file or directory (2)
03-25 04:09:46.114 D/AndroidRuntime( 960):
03-25 04:09:46.114 D/AndroidRuntime( 960): >>>>>> AndroidRuntime START com.android.internal.os.RuntimeInit <<<<<<
03-25 04:09:46.114 D/AndroidRuntime( 960): CheckJNI is ON
03-25 04:09:46.154 D/AndroidRuntime( 949): Calling main entry com.android.commands.pm.Pm
03-25 04:09:46.164 I/ActivityManager( 285): Force stopping package org.qeo.android.debugconfig appid=10046 user=-1
03-25 04:09:46.174 W/PackageManager( 285): Couldn't delete native library directory /data/app-lib/org.qeo.android.debugconfig
03-25 04:09:46.184 D/dalvikvm( 960): Trying to load lib libjavacore.so 0x0
03-25 04:09:46.214 D/dalvikvm( 960): Added shared lib libjavacore.so 0x0
03-25 04:09:46.244 D/dalvikvm( 960): Trying to load lib libnativehelper.so 0x0
03-25 04:09:46.287 D/dalvikvm( 960): Added shared lib libnativehelper.so 0x0
03-25 04:09:46.443 E/cutils-trace( 960): Error opening trace file: No such file or directory (2)
03-25 04:09:46.643 I/ActivityManager( 285): Force stopping package org.qeo.android.debugconfig appid=10046 user=0
03-25 04:09:46.773 D/dalvikvm( 425): GC_EXPLICIT freed 761K, 13% free 8216K/9440K, paused 3ms+4ms, total 122ms
03-25 04:09:46.883 D/dalvikvm( 477): GC_EXPLICIT freed 364K, 16% free 2856K/3396K, paused 3ms+3ms, total 153ms
03-25 04:09:47.094 I/InputReader( 285): Reconfiguring input devices. changes=0x00000010
03-25 04:09:47.174 D/AndroidRuntime( 960): Calling main entry com.android.commands.pm.Pm
03-25 04:09:47.244 D/BackupManagerService( 285): Received broadcast Intent { act=android.intent.action.PACKAGE_REMOVED dat=package:org.qeo.android.debugconfig flg=0x8000010 (has extras) }
03-25 04:09:47.244 V/BackupManagerService( 285): removePackageParticipantsLocked: uid=10046 #1
03-25 04:09:47.334 W/ContextImpl( 845): Calling a method in the system process without a qualified user: android.app.ContextImpl.startService:1385 android.content.ContextWrapper.startService:473 android.content.ContextWrapper.startService:473 com.android.keychain.KeyChainBroadcastReceiver.onReceive:12 android.app.ActivityThread.handleReceiver:2424
03-25 04:09:47.383 D/VoicemailCleanupService( 477): Cleaning up data for package: org.qeo.android.debugconfig
03-25 04:09:47.643 D/dalvikvm( 285): GC_EXPLICIT freed 348K, 35% free 5176K/7912K, paused 58ms+9ms, total 291ms
03-25 04:09:47.683 D/AndroidRuntime( 949): Shutting down VM
03-25 04:09:47.693 D/dalvikvm( 949): GC_CONCURRENT freed 90K, 17% free 474K/568K, paused 1ms+2ms, total 8ms
03-25 04:09:47.693 W/PackageManager( 285): Package named 'org.qeo.android.debugconfig' doesn't exist.
03-25 04:09:47.783 D/dalvikvm( 285): GC_EXPLICIT freed 74K, 36% free 5104K/7912K, paused 5ms+6ms, total 83ms
03-25 04:09:47.783 D/AndroidRuntime( 960): Shutting down VM
03-25 04:09:47.793 D/dalvikvm( 960): GC_CONCURRENT freed 90K, 17% free 474K/568K, paused 1ms+1ms, total 7ms
03-25 04:09:49.274 D/AndroidRuntime( 984):
03-25 04:09:49.274 D/AndroidRuntime( 984): >>>>>> AndroidRuntime START com.android.internal.os.RuntimeInit <<<<<<
03-25 04:09:49.284 D/AndroidRuntime( 984): CheckJNI is ON
03-25 04:09:49.284 D/AndroidRuntime( 983):
03-25 04:09:49.284 D/AndroidRuntime( 983): >>>>>> AndroidRuntime START com.android.internal.os.RuntimeInit <<<<<<
03-25 04:09:49.284 D/AndroidRuntime( 983): CheckJNI is ON
03-25 04:09:49.324 D/dalvikvm( 983): Trying to load lib libjavacore.so 0x0
03-25 04:09:49.334 D/dalvikvm( 984): Trying to load lib libjavacore.so 0x0
03-25 04:09:49.344 D/dalvikvm( 984): Added shared lib libjavacore.so 0x0
03-25 04:09:49.353 D/dalvikvm( 983): Added shared lib libjavacore.so 0x0
03-25 04:09:49.403 D/dalvikvm( 984): Trying to load lib libnativehelper.so 0x0
03-25 04:09:49.403 D/dalvikvm( 983): Trying to load lib libnativehelper.so 0x0
03-25 04:09:49.403 D/dalvikvm( 983): Added shared lib libnativehelper.so 0x0
03-25 04:09:49.413 D/dalvikvm( 984): Added shared lib libnativehelper.so 0x0
03-25 04:09:49.543 E/cutils-trace( 984): Error opening trace file: No such file or directory (2)
03-25 04:09:49.543 E/cutils-trace( 983): Error opening trace file: No such file or directory (2)
03-25 04:09:50.304 D/AndroidRuntime( 983): Calling main entry com.android.commands.pm.Pm
03-25 04:09:50.304 D/AndroidRuntime( 984): Calling main entry com.android.commands.pm.Pm
03-25 04:09:50.363 W/ActivityManager( 285): No content provider found for permission revoke: file:///data/local/tmp/qeo-android-management-debug-unaligned.apk
03-25 04:09:50.403 W/ActivityManager( 285): No content provider found for permission revoke: file:///data/local/tmp/qeo-android-management-debug-unaligned.apk
03-25 04:09:50.403 I/PackageManager( 285): Copying native libraries to /data/app-lib/vmdl85448088
03-25 04:09:50.563 I/PackageManager( 285): Running dexopt on: org.qeo.android.qeomanagement
03-25 04:09:51.503 D/dalvikvm( 1004): DexOpt: load 142ms, verify+opt 548ms, 1103076 bytes
03-25 04:09:51.543 I/ActivityManager( 285): Force stopping package org.qeo.android.qeomanagement appid=10047 user=-1
03-25 04:09:51.673 D/dalvikvm( 285): GC_CONCURRENT freed 455K, 35% free 5175K/7912K, paused 5ms+6ms, total 68ms
03-25 04:09:51.743 W/ActivityManager( 285): No content provider found for permission revoke: file:///data/local/tmp/qeo-android-management-debug-unaligned.apk
03-25 04:09:51.793 W/ActivityManager( 285): No content provider found for permission revoke: file:///data/local/tmp/qeo-android-management-debug-unaligned.apk
03-25 04:09:51.793 I/PackageManager( 285): Copying native libraries to /data/app-lib/vmdl-43840297
03-25 04:09:51.883 I/InputReader( 285): Reconfiguring input devices. changes=0x00000010
03-25 04:09:51.893 D/BackupManagerService( 285): Received broadcast Intent { act=android.intent.action.PACKAGE_ADDED dat=package:org.qeo.android.qeomanagement flg=0x8000010 (has extras) }
03-25 04:09:51.903 V/BackupManagerService( 285): addPackageParticipantsLocked: #1
03-25 04:09:52.154 W/RecognitionManagerService( 285): no available voice recognition services found for user 0
03-25 04:09:52.214 D/dalvikvm( 285): GC_EXPLICIT freed 326K, 35% free 5185K/7912K, paused 5ms+39ms, total 245ms
03-25 04:09:52.224 D/AndroidRuntime( 984): Shutting down VM
03-25 04:09:52.234 D/dalvikvm( 984): GC_CONCURRENT freed 91K, 17% free 477K/572K, paused 0ms+1ms, total 8ms
03-25 04:09:52.373 I/ActivityManager( 285): Force stopping package org.qeo.android.qeomanagement appid=10047 user=-1
03-25 04:09:52.433 I/PackageManager( 285): Package org.qeo.android.qeomanagement codePath changed from /data/app/org.qeo.android.qeomanagement-1.apk to /data/app/org.qeo.android.qeomanagement-2.apk; Retaining data and using new
03-25 04:09:52.433 I/PackageManager( 285): Running dexopt on: org.qeo.android.qeomanagement
03-25 04:09:53.314 D/AndroidRuntime( 1012):
03-25 04:09:53.314 D/AndroidRuntime( 1012): >>>>>> AndroidRuntime START com.android.internal.os.RuntimeInit <<<<<<
03-25 04:09:53.314 D/AndroidRuntime( 1012): CheckJNI is ON
03-25 04:09:53.353 D/dalvikvm( 1012): Trying to load lib libjavacore.so 0x0
03-25 04:09:53.373 D/dalvikvm( 1012): Added shared lib libjavacore.so 0x0
03-25 04:09:53.423 D/dalvikvm( 1012): Trying to load lib libnativehelper.so 0x0
03-25 04:09:53.443 D/dalvikvm( 1012): Added shared lib libnativehelper.so 0x0
03-25 04:09:53.563 E/cutils-trace( 1012): Error opening trace file: No such file or directory (2)
03-25 04:09:54.294 D/AndroidRuntime( 1012): Calling main entry com.android.commands.pm.Pm
03-25 04:09:54.403 D/dalvikvm( 1005): DexOpt: load 386ms, verify+opt 1081ms, 1103076 bytes
03-25 04:09:54.443 I/ActivityManager( 285): Force stopping package org.qeo.android.qeomanagement appid=10047 user=-1
03-25 04:09:54.443 W/PackageManager( 285): Code path for pkg : org.qeo.android.qeomanagement changing from /data/app/org.qeo.android.qeomanagement-1.apk to /data/app/org.qeo.android.qeomanagement-2.apk
03-25 04:09:54.443 W/PackageManager( 285): Resource path for pkg : org.qeo.android.qeomanagement changing from /data/app/org.qeo.android.qeomanagement-1.apk to /data/app/org.qeo.android.qeomanagement-2.apk
03-25 04:09:54.583 D/dalvikvm( 285): GC_CONCURRENT freed 564K, 35% free 5181K/7912K, paused 5ms+6ms, total 72ms
03-25 04:09:54.643 I/ActivityManager( 285): Force stopping package org.qeo.android.qeomanagement appid=10047 user=0
03-25 04:09:54.693 D/dalvikvm( 425): GC_EXPLICIT freed 352K, 13% free 8215K/9440K, paused 5ms+4ms, total 53ms
03-25 04:09:54.763 I/InputReader( 285): Reconfiguring input devices. changes=0x00000010
03-25 04:09:54.773 D/BackupManagerService( 285): Received broadcast Intent { act=android.intent.action.PACKAGE_REMOVED dat=package:org.qeo.android.qeomanagement flg=0x8000010 (has extras) }
03-25 04:09:54.803 W/ContextImpl( 845): Calling a method in the system process without a qualified user: android.app.ContextImpl.startService:1385 android.content.ContextWrapper.startService:473 android.content.ContextWrapper.startService:473 com.android.keychain.KeyChainBroadcastReceiver.onReceive:12 android.app.ActivityThread.handleReceiver:2424
03-25 04:09:54.863 D/BackupManagerService( 285): Received broadcast Intent { act=android.intent.action.PACKAGE_ADDED dat=package:org.qeo.android.qeomanagement flg=0x8000010 (has extras) }
03-25 04:09:54.883 V/BackupManagerService( 285): removePackageParticipantsLocked: uid=10047 #1
03-25 04:09:54.893 I/InputReader( 285): Reconfiguring input devices. changes=0x00000010
03-25 04:09:54.944 V/BackupManagerService( 285): addPackageParticipantsLocked: #1
03-25 04:09:55.244 D/dalvikvm( 285): GC_EXPLICIT freed 414K, 35% free 5207K/7912K, paused 4ms+60ms, total 179ms
03-25 04:09:55.274 D/AndroidRuntime( 983): Shutting down VM
03-25 04:09:55.284 D/dalvikvm( 983): GC_CONCURRENT freed 91K, 17% free 477K/572K, paused 0ms+1ms, total 7ms
03-25 04:09:55.343 W/ActivityManager( 285): No content provider found for permission revoke: file:///data/local/tmp/qeo-android-management-debug-test-unaligned.apk
03-25 04:09:55.353 W/ActivityManager( 285): No content provider found for permission revoke: file:///data/local/tmp/qeo-android-management-debug-test-unaligned.apk
03-25 04:09:55.353 I/PackageManager( 285): Copying native libraries to /data/app-lib/vmdl558971376
03-25 04:09:55.384 W/RecognitionManagerService( 285): no available voice recognition services found for user 0
03-25 04:09:55.473 I/PackageManager( 285): Running dexopt on: org.qeo.android.qeomanagement.test
03-25 04:09:55.573 D/dalvikvm( 1023): DexOpt: load 23ms, verify+opt 1ms, 81092 bytes
03-25 04:09:55.773 I/ActivityManager( 285): Force stopping package org.qeo.android.qeomanagement.test appid=10048 user=-1
03-25 04:09:55.933 I/InputReader( 285): Reconfiguring input devices. changes=0x00000010
03-25 04:09:56.194 D/dalvikvm( 285): GC_CONCURRENT freed 584K, 35% free 5180K/7912K, paused 57ms+5ms, total 259ms
03-25 04:09:56.214 D/BackupManagerService( 285): Received broadcast Intent { act=android.intent.action.PACKAGE_ADDED dat=package:org.qeo.android.qeomanagement.test flg=0x8000010 (has extras) }
03-25 04:09:56.214 V/BackupManagerService( 285): addPackageParticipantsLocked: #1
03-25 04:09:56.294 D/AndroidRuntime( 1030):
03-25 04:09:56.294 D/AndroidRuntime( 1030): >>>>>> AndroidRuntime START com.android.internal.os.RuntimeInit <<<<<<
03-25 04:09:56.294 D/AndroidRuntime( 1030): CheckJNI is ON
03-25 04:09:56.344 D/dalvikvm( 1030): Trying to load lib libjavacore.so 0x0
03-25 04:09:56.373 D/dalvikvm( 1030): Added shared lib libjavacore.so 0x0
03-25 04:09:56.423 D/dalvikvm( 1030): Trying to load lib libnativehelper.so 0x0
03-25 04:09:56.423 D/dalvikvm( 1030): Added shared lib libnativehelper.so 0x0
03-25 04:09:56.553 E/cutils-trace( 1030): Error opening trace file: No such file or directory (2)
03-25 04:09:56.623 W/RecognitionManagerService( 285): no available voice recognition services found for user 0
03-25 04:09:56.743 D/dalvikvm( 285): GC_EXPLICIT freed 169K, 35% free 5166K/7912K, paused 35ms+87ms, total 445ms
03-25 04:09:56.743 D/AndroidRuntime( 1012): Shutting down VM
03-25 04:09:56.753 D/dalvikvm( 1012): GC_CONCURRENT freed 91K, 17% free 477K/572K, paused 1ms+1ms, total 8ms
03-25 04:09:57.234 D/AndroidRuntime( 1030): Calling main entry com.android.commands.pm.Pm
03-25 04:09:57.264 W/asset ( 784): Asset path /data/local/tmp/qeo-android-management-debug-test-unaligned.apk is neither a directory nor file (type=1).
03-25 04:09:57.264 W/DefContainer( 784): Failed to parse package
03-25 04:09:57.274 W/ActivityManager( 285): No content provider found for permission revoke: file:///data/local/tmp/qeo-android-management-debug-test-unaligned.apk
03-25 04:09:57.424 D/dalvikvm( 285): GC_EXPLICIT freed 65K, 36% free 5106K/7912K, paused 4ms+16ms, total 148ms
03-25 04:09:57.463 D/AndroidRuntime( 1030): Shutting down VM
03-25 04:09:57.473 D/dalvikvm( 1030): GC_CONCURRENT freed 118K, 20% free 487K/608K, paused 1ms+1ms, total 8ms
03-25 04:09:57.643 D/AndroidRuntime( 1041):
03-25 04:09:57.643 D/AndroidRuntime( 1041): >>>>>> AndroidRuntime START com.android.internal.os.RuntimeInit <<<<<<
03-25 04:09:57.643 D/AndroidRuntime( 1041): CheckJNI is ON
03-25 04:09:57.673 D/dalvikvm( 1041): Trying to load lib libjavacore.so 0x0
03-25 04:09:57.693 D/dalvikvm( 1041): Added shared lib libjavacore.so 0x0
03-25 04:09:57.743 D/dalvikvm( 1041): Trying to load lib libnativehelper.so 0x0
03-25 04:09:57.753 D/dalvikvm( 1041): Added shared lib libnativehelper.so 0x0
03-25 04:09:57.873 E/cutils-trace( 1041): Error opening trace file: No such file or directory (2)
03-25 04:09:58.373 D/AndroidRuntime( 1048):
03-25 04:09:58.373 D/AndroidRuntime( 1048): >>>>>> AndroidRuntime START com.android.internal.os.RuntimeInit <<<<<<
03-25 04:09:58.403 D/AndroidRuntime( 1048): CheckJNI is ON
03-25 04:09:58.433 D/dalvikvm( 1048): Trying to load lib libjavacore.so 0x0
03-25 04:09:58.453 D/dalvikvm( 1048): Added shared lib libjavacore.so 0x0
03-25 04:09:58.533 D/dalvikvm( 1048): Trying to load lib libnativehelper.so 0x0
03-25 04:09:58.533 D/dalvikvm( 1048): Added shared lib libnativehelper.so 0x0
03-25 04:09:58.613 D/AndroidRuntime( 1041): Calling main entry com.android.commands.am.Am
03-25 04:09:58.613 D/dalvikvm( 1041): Note: class Landroid/app/ActivityManagerNative; has 163 unimplemented (abstract) methods
03-25 04:09:58.643 I/ActivityManager( 285): Force stopping package org.qeo.android.qeomanagement appid=10047 user=0
03-25 04:09:58.663 W/dalvikvm( 1062): PR_CAPBSET_DROP 0 failed: Invalid argument. Please make sure your kernel is compiled with file capabilities support enabled.
03-25 04:09:58.663 W/dalvikvm( 1062): PR_CAPBSET_DROP 1 failed: Invalid argument. Please make sure your kernel is compiled with file capabilities support enabled.
03-25 04:09:58.663 W/dalvikvm( 1062): PR_CAPBSET_DROP 2 failed: Invalid argument. Please make sure your kernel is compiled with file capabilities support enabled.
03-25 04:09:58.663 W/dalvikvm( 1062): PR_CAPBSET_DROP 3 failed: Invalid argument. Please make sure your kernel is compiled with file capabilities support enabled.
03-25 04:09:58.663 W/dalvikvm( 1062): PR_CAPBSET_DROP 4 failed: Invalid argument. Please make sure your kernel is compiled with file capabilities support enabled.
03-25 04:09:58.663 W/dalvikvm( 1062): PR_CAPBSET_DROP 5 failed: Invalid argument. Please make sure your kernel is compiled with file capabilities support enabled.
03-25 04:09:58.663 W/dalvikvm( 1062): PR_CAPBSET_DROP 6 failed: Invalid argument. Please make sure your kernel is compiled with file capabilities support enabled.
03-25 04:09:58.663 W/dalvikvm( 1062): PR_CAPBSET_DROP 7 failed: Invalid argument. Please make sure your kernel is compiled with file capabilities support enabled.
03-25 04:09:58.663 W/dalvikvm( 1062): PR_CAPBSET_DROP 8 failed: Invalid argument. Please make sure your kernel is compiled with file capabilities support enabled.
03-25 04:09:58.673 W/dalvikvm( 1062): PR_CAPBSET_DROP 9 failed: Invalid argument. Please make sure your kernel is compiled with file capabilities support enabled.
03-25 04:09:58.673 W/dalvikvm( 1062): PR_CAPBSET_DROP 10 failed: Invalid argument. Please make sure your kernel is compiled with file capabilities support enabled.
03-25 04:09:58.673 W/dalvikvm( 1062): PR_CAPBSET_DROP 11 failed: Invalid argument. Please make sure your kernel is compiled with file capabilities support enabled.
03-25 04:09:58.673 W/dalvikvm( 1062): PR_CAPBSET_DROP 12 failed: Invalid argument. Please make sure your kernel is compiled with file capabilities support enabled.
03-25 04:09:58.673 W/dalvikvm( 1062): PR_CAPBSET_DROP 13 failed: Invalid argument. Please make sure your kernel is compiled with file capabilities support enabled.
03-25 04:09:58.673 W/dalvikvm( 1062): PR_CAPBSET_DROP 14 failed: Invalid argument. Please make sure your kernel is compiled with file capabilities support enabled.
03-25 04:09:58.673 W/dalvikvm( 1062): PR_CAPBSET_DROP 15 failed: Invalid argument. Please make sure your kernel is compiled with file capabilities support enabled.
03-25 04:09:58.673 W/dalvikvm( 1062): PR_CAPBSET_DROP 16 failed: Invalid argument. Please make sure your kernel is compiled with file capabilities support enabled.
03-25 04:09:58.673 W/dalvikvm( 1062): PR_CAPBSET_DROP 17 failed: Invalid argument. Please make sure your kernel is compiled with file capabilities support enabled.
03-25 04:09:58.673 W/dalvikvm( 1062): PR_CAPBSET_DROP 18 failed: Invalid argument. Please make sure your kernel is compiled with file capabilities support enabled.
03-25 04:09:58.673 W/dalvikvm( 1062): PR_CAPBSET_DROP 19 failed: Invalid argument. Please make sure your kernel is compiled with file capabilities support enabled.
