03-25 04:10:34.304 I/ActivityManager( 285): Start proc org.qeo.android.service for added application org.qeo.android.service: pid=1268 uid=10046 gids={50046, 3003, 1015, 1028}
03-25 04:10:34.713 D/dalvikvm( 1268): GC_CONCURRENT freed 313K, 14% free 2706K/3136K, paused 4ms+22ms, total 80ms
03-25 04:10:34.713 D/dalvikvm( 1268): WAIT_FOR_CONCURRENT_GC blocked 10ms
03-25 04:10:34.883 D/AndroidRuntime( 1270):
03-25 04:10:34.883 D/AndroidRuntime( 1270): >>>>>> AndroidRuntime START com.android.internal.os.RuntimeInit <<<<<<
03-25 04:10:34.893 D/AndroidRuntime( 1270): CheckJNI is ON
03-25 04:10:34.934 D/dalvikvm( 1270): Trying to load lib libjavacore.so 0x0
03-25 04:10:34.934 D/dalvikvm( 1268): GC_CONCURRENT freed 503K, 19% free 2715K/3336K, paused 3ms+20ms, total 68ms
03-25 04:10:34.944 D/dalvikvm( 1268): WAIT_FOR_CONCURRENT_GC blocked 15ms
03-25 04:10:34.954 D/dalvikvm( 1270): Added shared lib libjavacore.so 0x0
03-25 04:10:35.004 D/dalvikvm( 1270): Trying to load lib libnativehelper.so 0x0
03-25 04:10:35.034 D/dalvikvm( 1270): Added shared lib libnativehelper.so 0x0
03-25 04:10:35.104 D/dalvikvm( 1268): GC_CONCURRENT freed 478K, 18% free 2762K/3344K, paused 5ms+2ms, total 50ms
03-25 04:10:35.114 D/dalvikvm( 1268): WAIT_FOR_CONCURRENT_GC blocked 6ms
03-25 04:10:35.144 E/cutils-trace( 1270): Error opening trace file: No such file or directory (2)
03-25 04:10:35.303 D/dalvikvm( 1268): GC_CONCURRENT freed 470K, 18% free 2789K/3380K, paused 19ms+31ms, total 74ms
03-25 04:10:35.543 D/dalvikvm( 1268): GC_CONCURRENT freed 471K, 18% free 2819K/3400K, paused 3ms+23ms, total 131ms
03-25 04:10:35.713 D/dalvikvm( 1268): GC_CONCURRENT freed 475K, 18% free 2815K/3412K, paused 4ms+13ms, total 85ms
03-25 04:10:35.853 D/AndroidRuntime( 1270): Calling main entry com.android.commands.pm.Pm
03-25 04:10:35.873 W/PackageManager( 285): Couldn't delete native library directory /data/app-lib/org.qeo.android.service.test
03-25 04:10:35.893 I/ActivityManager( 285): Force stopping package org.qeo.android.service.test appid=10047 user=-1
03-25 04:10:35.924 D/dalvikvm( 1268): GC_CONCURRENT freed 472K, 18% free 2854K/3444K, paused 4ms+10ms, total 97ms
03-25 04:10:35.924 D/dalvikvm( 1268): WAIT_FOR_CONCURRENT_GC blocked 4ms
03-25 04:10:36.044 D/dalvikvm( 1268): GC_CONCURRENT freed 484K, 18% free 2854K/3460K, paused 3ms+15ms, total 59ms
03-25 04:10:36.164 D/dalvikvm( 1268): GC_CONCURRENT freed 509K, 19% free 2847K/3476K, paused 4ms+15ms, total 58ms
03-25 04:10:36.274 D/keystore( 42): calling clear_uid in state: 3
03-25 04:10:36.284 D/dalvikvm( 1268): GC_CONCURRENT freed 492K, 18% free 2856K/3476K, paused 4ms+12ms, total 56ms
03-25 04:10:36.313 I/ActivityManager( 285): Force stopping package org.qeo.android.service.test appid=10047 user=0
03-25 04:10:36.393 D/dalvikvm( 1268): GC_CONCURRENT freed 480K, 18% free 2858K/3476K, paused 3ms+11ms, total 43ms
03-25 04:10:36.493 D/dalvikvm( 1268): GC_CONCURRENT freed 482K, 18% free 2888K/3488K, paused 12ms+3ms, total 46ms
03-25 04:10:36.493 D/dalvikvm( 1268): WAIT_FOR_CONCURRENT_GC blocked 14ms
03-25 04:10:36.643 I/InputReader( 285): Reconfiguring input devices. changes=0x00000010
03-25 04:10:36.703 D/dalvikvm( 1268): GC_CONCURRENT freed 471K, 18% free 2872K/3488K, paused 4ms+48ms, total 166ms
03-25 04:10:36.723 D/BackupManagerService( 285): Received broadcast Intent { act=android.intent.action.PACKAGE_REMOVED dat=package:org.qeo.android.service.test flg=0x8000010 (has extras) }
03-25 04:10:36.723 V/BackupManagerService( 285): removePackageParticipantsLocked: uid=10047 #1
03-25 04:10:36.833 W/dalvikvm( 1268): method Lcom/actionbarsherlock/internal/widget/IcsLinearLayout;.drawDividersHorizontal incorrectly overrides package-private method with same name in Landroid/widget/LinearLayout;
03-25 04:10:36.843 W/dalvikvm( 1268): method Lcom/actionbarsherlock/internal/widget/IcsLinearLayout;.drawDividersVertical incorrectly overrides package-private method with same name in Landroid/widget/LinearLayout;
03-25 04:10:36.843 W/dalvikvm( 1268): method Lcom/actionbarsherlock/internal/widget/IcsLinearLayout;.drawHorizontalDivider incorrectly overrides package-private method with same name in Landroid/widget/LinearLayout;
03-25 04:10:36.843 W/dalvikvm( 1268): method Lcom/actionbarsherlock/internal/widget/IcsLinearLayout;.drawVerticalDivider incorrectly overrides package-private method with same name in Landroid/widget/LinearLayout;
03-25 04:10:36.853 D/dalvikvm( 1268): GC_CONCURRENT freed 477K, 18% free 2875K/3488K, paused 4ms+16ms, total 63ms
03-25 04:10:36.994 D/dalvikvm( 1268): GC_CONCURRENT freed 499K, 18% free 2879K/3500K, paused 13ms+6ms, total 49ms
03-25 04:10:36.994 D/dalvikvm( 1268): WAIT_FOR_CONCURRENT_GC blocked 17ms
03-25 04:10:37.104 D/dalvikvm( 1268): GC_CONCURRENT freed 483K, 18% free 2905K/3508K, paused 3ms+10ms, total 53ms
03-25 04:10:37.104 D/dalvikvm( 1268): WAIT_FOR_CONCURRENT_GC blocked 4ms
03-25 04:10:37.214 D/dalvikvm( 1268): GC_CONCURRENT freed 484K, 18% free 2932K/3536K, paused 3ms+18ms, total 53ms
03-25 04:10:37.214 D/dalvikvm( 1268): WAIT_FOR_CONCURRENT_GC blocked 7ms
03-25 04:10:37.264 D/VoicemailCleanupService( 477): Cleaning up data for package: org.qeo.android.service.test
03-25 04:10:37.333 W/ContextImpl( 845): Calling a method in the system process without a qualified user: android.app.ContextImpl.startService:1385 android.content.ContextWrapper.startService:473 android.content.ContextWrapper.startService:473 com.android.keychain.KeyChainBroadcastReceiver.onReceive:12 android.app.ActivityThread.handleReceiver:2424
03-25 04:10:37.353 D/dalvikvm( 1268): GC_CONCURRENT freed 496K, 18% free 2944K/3560K, paused 10ms+12ms, total 56ms
03-25 04:10:37.363 D/dalvikvm( 1268): WAIT_FOR_CONCURRENT_GC blocked 6ms
03-25 04:10:37.483 D/dalvikvm( 1268): GC_CONCURRENT freed 472K, 17% free 2984K/3576K, paused 5ms+17ms, total 49ms
03-25 04:10:37.483 D/dalvikvm( 1268): WAIT_FOR_CONCURRENT_GC blocked 8ms
03-25 04:10:37.573 D/dalvikvm( 1268): GC_CONCURRENT freed 476K, 17% free 3016K/3612K, paused 11ms+4ms, total 49ms
03-25 04:10:37.573 D/dalvikvm( 1268): WAIT_FOR_CONCURRENT_GC blocked 8ms
03-25 04:10:37.683 D/dalvikvm( 1268): GC_CONCURRENT freed 701K, 23% free 2822K/3644K, paused 4ms+29ms, total 63ms
03-25 04:10:37.683 D/dalvikvm( 1268): WAIT_FOR_CONCURRENT_GC blocked 44ms
03-25 04:10:37.773 D/dalvikvm( 1268): GC_CONCURRENT freed 474K, 22% free 2859K/3644K, paused 4ms+13ms, total 46ms
03-25 04:10:37.773 D/dalvikvm( 1268): WAIT_FOR_CONCURRENT_GC blocked 26ms
03-25 04:10:37.853 D/dalvikvm( 1268): GC_CONCURRENT freed 475K, 21% free 2896K/3644K, paused 4ms+7ms, total 39ms
03-25 04:10:37.853 D/dalvikvm( 1268): WAIT_FOR_CONCURRENT_GC blocked 20ms
03-25 04:10:37.954 D/dalvikvm( 1268): GC_CONCURRENT freed 475K, 20% free 2932K/3644K, paused 3ms+3ms, total 47ms
03-25 04:10:37.954 D/dalvikvm( 1268): WAIT_FOR_CONCURRENT_GC blocked 18ms
03-25 04:10:38.044 D/dalvikvm( 1268): GC_CONCURRENT freed 475K, 19% free 2969K/3644K, paused 3ms+3ms, total 53ms
03-25 04:10:38.044 D/dalvikvm( 1268): WAIT_FOR_CONCURRENT_GC blocked 19ms
03-25 04:10:38.164 D/dalvikvm( 1268): GC_CONCURRENT freed 497K, 19% free 2983K/3644K, paused 3ms+3ms, total 48ms
03-25 04:10:38.164 D/dalvikvm( 1268): WAIT_FOR_CONCURRENT_GC blocked 17ms
03-25 04:10:38.274 D/dalvikvm( 1268): GC_CONCURRENT freed 485K, 18% free 3010K/3644K, paused 10ms+8ms, total 69ms
03-25 04:10:38.274 D/dalvikvm( 1268): WAIT_FOR_CONCURRENT_GC blocked 5ms
03-25 04:10:38.394 D/dalvikvm( 1268): GC_CONCURRENT freed 474K, 17% free 3047K/3644K, paused 4ms+4ms, total 48ms
03-25 04:10:38.394 D/dalvikvm( 1268): WAIT_FOR_CONCURRENT_GC blocked 15ms
03-25 04:10:38.513 D/dalvikvm( 1268): GC_CONCURRENT freed 725K, 23% free 2830K/3676K, paused 4ms+3ms, total 44ms
03-25 04:10:38.513 D/dalvikvm( 1268): WAIT_FOR_CONCURRENT_GC blocked 16ms
03-25 04:10:38.623 D/dalvikvm( 1268): GC_CONCURRENT freed 485K, 23% free 2857K/3676K, paused 3ms+3ms, total 41ms
03-25 04:10:38.623 D/dalvikvm( 1268): WAIT_FOR_CONCURRENT_GC blocked 21ms
03-25 04:10:38.713 D/dalvikvm( 1268): GC_CONCURRENT freed 480K, 22% free 2888K/3676K, paused 4ms+3ms, total 46ms
03-25 04:10:38.713 D/dalvikvm( 1268): WAIT_FOR_CONCURRENT_GC blocked 29ms
03-25 04:10:38.803 D/dalvikvm( 1268): GC_CONCURRENT freed 476K, 21% free 2924K/3676K, paused 4ms+3ms, total 37ms
03-25 04:10:38.803 D/dalvikvm( 1268): WAIT_FOR_CONCURRENT_GC blocked 17ms
03-25 04:10:38.914 D/dalvikvm( 1268): GC_CONCURRENT freed 494K, 20% free 2942K/3676K, paused 4ms+3ms, total 41ms
03-25 04:10:38.914 D/dalvikvm( 1268): WAIT_FOR_CONCURRENT_GC blocked 27ms
03-25 04:10:39.014 D/dalvikvm( 1268): GC_CONCURRENT freed 481K, 20% free 2972K/3676K, paused 4ms+13ms, total 47ms
03-25 04:10:39.014 D/dalvikvm( 1268): WAIT_FOR_CONCURRENT_GC blocked 29ms
03-25 04:10:39.104 D/dalvikvm( 1268): GC_CONCURRENT freed 474K, 19% free 3009K/3676K, paused 3ms+3ms, total 47ms
03-25 04:10:39.114 D/dalvikvm( 1268): WAIT_FOR_CONCURRENT_GC blocked 15ms
03-25 04:10:39.204 D/dalvikvm( 1268): GC_CONCURRENT freed 474K, 18% free 3047K/3676K, paused 4ms+3ms, total 50ms
03-25 04:10:39.204 D/dalvikvm( 1268): WAIT_FOR_CONCURRENT_GC blocked 20ms
03-25 04:10:39.294 D/dalvikvm( 1268): GC_CONCURRENT freed 475K, 17% free 3080K/3676K, paused 13ms+4ms, total 49ms
03-25 04:10:39.294 D/dalvikvm( 1268): WAIT_FOR_CONCURRENT_GC blocked 19ms
03-25 04:10:39.383 D/dalvikvm( 1268): GC_CONCURRENT freed 472K, 16% free 3114K/3708K, paused 4ms+3ms, total 48ms
03-25 04:10:39.383 D/dalvikvm( 1268): WAIT_FOR_CONCURRENT_GC blocked 20ms
03-25 04:10:39.473 D/dalvikvm( 1268): GC_CONCURRENT freed 716K, 23% free 2906K/3744K, paused 3ms+6ms, total 40ms
03-25 04:10:39.473 D/dalvikvm( 1268): WAIT_FOR_CONCURRENT_GC blocked 19ms
03-25 04:10:39.573 D/dalvikvm( 1268): GC_CONCURRENT freed 488K, 22% free 2930K/3744K, paused 4ms+3ms, total 38ms
03-25 04:10:39.573 D/dalvikvm( 1268): WAIT_FOR_CONCURRENT_GC blocked 13ms
03-25 04:10:39.663 D/dalvikvm( 1268): GC_CONCURRENT freed 470K, 21% free 2972K/3744K, paused 13ms+3ms, total 38ms
03-25 04:10:39.663 D/dalvikvm( 1268): WAIT_FOR_CONCURRENT_GC blocked 26ms
03-25 04:10:39.763 D/dalvikvm( 1268): GC_CONCURRENT freed 475K, 20% free 3008K/3744K, paused 4ms+2ms, total 45ms
03-25 04:10:39.763 D/dalvikvm( 1268): WAIT_FOR_CONCURRENT_GC blocked 29ms
03-25 04:10:39.883 D/dalvikvm( 1268): GC_CONCURRENT freed 477K, 19% free 3041K/3744K, paused 4ms+17ms, total 75ms
03-25 04:10:40.034 I/TestRunner( 1268): started: testAndroidTestCaseSetupProperly(org.qeo.android.service.test.VersioningTest)
03-25 04:10:40.054 I/TestRunner( 1268): finished: testAndroidTestCaseSetupProperly(org.qeo.android.service.test.VersioningTest)
03-25 04:10:40.054 I/TestRunner( 1268): passed: testAndroidTestCaseSetupProperly(org.qeo.android.service.test.VersioningTest)
03-25 04:10:40.074 I/TestRunner( 1268): started: testVersionString(org.qeo.android.service.test.VersioningTest)
03-25 04:10:40.104 D/dalvikvm( 1268): Trying to load lib /data/app-lib/org.qeo.android.service-2/libqeoJNI.so 0x416ee328
03-25 04:10:40.114 D/dalvikvm( 1268): Added shared lib /data/app-lib/org.qeo.android.service-2/libqeoJNI.so 0x416ee328
03-25 04:10:40.114 I/TestRunner( 1268): finished: testVersionString(org.qeo.android.service.test.VersioningTest)
03-25 04:10:40.114 I/TestRunner( 1268): passed: testVersionString(org.qeo.android.service.test.VersioningTest)
03-25 04:10:40.144 D/AndroidRuntime( 1242): Shutting down VM
03-25 04:10:40.154 D/dalvikvm( 1242): GC_CONCURRENT freed 112K, 20% free 481K/596K, paused 0ms+1ms, total 7ms
03-25 04:10:40.184 D/dalvikvm( 285): GC_EXPLICIT freed 374K, 35% free 5187K/7912K, paused 534ms+74ms, total 2728ms
03-25 04:10:40.204 D/AndroidRuntime( 1270): Shutting down VM
03-25 04:10:40.214 D/dalvikvm( 1270): GC_CONCURRENT freed 90K, 17% free 474K/568K, paused 1ms+1ms, total 8ms
03-25 04:10:40.383 I/ActivityManager( 285): Force stopping package org.qeo.android.service appid=10046 user=0
03-25 04:10:40.383 I/ActivityManager( 285): Killing proc 1268:org.qeo.android.service/u0a10046: force stop org.qeo.android.service
03-25 04:10:41.054 D/AndroidRuntime( 1297):
03-25 04:10:41.054 D/AndroidRuntime( 1297): >>>>>> AndroidRuntime START com.android.internal.os.RuntimeInit <<<<<<
03-25 04:10:41.064 D/AndroidRuntime( 1297): CheckJNI is ON
03-25 04:10:41.104 D/dalvikvm( 1297): Trying to load lib libjavacore.so 0x0
03-25 04:10:41.104 D/AndroidRuntime( 1299):
03-25 04:10:41.104 D/AndroidRuntime( 1299): >>>>>> AndroidRuntime START com.android.internal.os.RuntimeInit <<<<<<
03-25 04:10:41.114 D/AndroidRuntime( 1299): CheckJNI is ON
03-25 04:10:41.124 D/dalvikvm( 1297): Added shared lib libjavacore.so 0x0
03-25 04:10:41.154 D/dalvikvm( 1299): Trying to load lib libjavacore.so 0x0
03-25 04:10:41.174 D/dalvikvm( 1297): Trying to load lib libnativehelper.so 0x0
03-25 04:10:41.184 D/dalvikvm( 1299): Added shared lib libjavacore.so 0x0
03-25 04:10:41.184 D/dalvikvm( 1297): Added shared lib libnativehelper.so 0x0
03-25 04:10:41.224 D/dalvikvm( 1299): Trying to load lib libnativehelper.so 0x0
03-25 04:10:41.244 D/dalvikvm( 1299): Added shared lib libnativehelper.so 0x0
03-25 04:10:41.323 E/cutils-trace( 1297): Error opening trace file: No such file or directory (2)
03-25 04:10:41.363 E/cutils-trace( 1299): Error opening trace file: No such file or directory (2)
03-25 04:10:42.094 D/AndroidRuntime( 1297): Calling main entry com.android.commands.pm.Pm
03-25 04:10:42.114 W/PackageManager( 285): Package named 'org.qeo.android.service.test' doesn't exist.
03-25 04:10:42.174 D/AndroidRuntime( 1299): Calling main entry com.android.commands.pm.Pm
03-25 04:10:42.234 D/dalvikvm( 285): GC_EXPLICIT freed 89K, 36% free 5110K/7912K, paused 4ms+6ms, total 121ms
03-25 04:10:42.244 D/AndroidRuntime( 1297): Shutting down VM
03-25 04:10:42.254 D/dalvikvm( 1297): GC_CONCURRENT freed 91K, 17% free 474K/568K, paused 1ms+1ms, total 8ms
03-25 04:10:42.254 I/ActivityManager( 285): Force stopping package org.qeo.android.service appid=10046 user=-1
03-25 04:10:42.274 W/PackageManager( 285): Couldn't delete native library directory /data/app-lib/org.qeo.android.service
03-25 04:10:42.333 D/keystore( 42): calling clear_uid in state: 3
03-25 04:10:42.333 I/ActivityManager( 285): Force stopping package org.qeo.android.service appid=10046 user=0
03-25 04:10:42.393 D/dalvikvm( 425): GC_EXPLICIT freed 551K, 14% free 8195K/9440K, paused 6ms+6ms, total 55ms
03-25 04:10:42.603 I/InputReader( 285): Reconfiguring input devices. changes=0x00000010
03-25 04:10:42.623 D/BackupManagerService( 285): Received broadcast Intent { act=android.intent.action.PACKAGE_REMOVED dat=package:org.qeo.android.service flg=0x8000010 (has extras) }
03-25 04:10:42.653 V/BackupManagerService( 285): removePackageParticipantsLocked: uid=10046 #1
03-25 04:10:42.843 D/dalvikvm( 477): GC_EXPLICIT freed 228K, 17% free 2866K/3428K, paused 2ms+3ms, total 435ms
03-25 04:10:42.904 W/ContextImpl( 845): Calling a method in the system process without a qualified user: android.app.ContextImpl.startService:1385 android.content.ContextWrapper.startService:473 android.content.ContextWrapper.startService:473 com.android.keychain.KeyChainBroadcastReceiver.onReceive:12 android.app.ActivityThread.handleReceiver:2424
03-25 04:10:42.954 D/VoicemailCleanupService( 477): Cleaning up data for package: org.qeo.android.service
03-25 04:10:43.084 D/AndroidRuntime( 1321):
03-25 04:10:43.084 D/AndroidRuntime( 1321): >>>>>> AndroidRuntime START com.android.internal.os.RuntimeInit <<<<<<
03-25 04:10:43.094 D/AndroidRuntime( 1321): CheckJNI is ON
03-25 04:10:43.144 D/dalvikvm( 1321): Trying to load lib libjavacore.so 0x0
03-25 04:10:43.154 D/dalvikvm( 1321): Added shared lib libjavacore.so 0x0
03-25 04:10:43.214 D/dalvikvm( 1321): Trying to load lib libnativehelper.so 0x0
03-25 04:10:43.224 D/dalvikvm( 1321): Added shared lib libnativehelper.so 0x0
03-25 04:10:43.353 E/cutils-trace( 1321): Error opening trace file: No such file or directory (2)
03-25 04:10:43.544 D/dalvikvm( 285): GC_EXPLICIT freed 351K, 35% free 5175K/7912K, paused 42ms+64ms, total 459ms
03-25 04:10:43.663 D/AndroidRuntime( 1299): Shutting down VM
03-25 04:10:43.673 D/dalvikvm( 1299): GC_CONCURRENT freed 91K, 17% free 474K/568K, paused 0ms+0ms, total 7ms
03-25 04:10:44.044 D/AndroidRuntime( 1321): Calling main entry com.android.commands.pm.Pm
03-25 04:10:44.064 W/PackageManager( 285): Package named 'org.qeo.android.service' doesn't exist.
03-25 04:10:44.154 D/dalvikvm( 285): GC_EXPLICIT freed 86K, 36% free 5099K/7912K, paused 4ms+6ms, total 93ms
03-25 04:10:44.154 D/AndroidRuntime( 1321): Shutting down VM
03-25 04:10:44.164 D/dalvikvm( 1321): GC_CONCURRENT freed 90K, 17% free 474K/568K, paused 0ms+0ms, total 7ms
03-25 04:11:08.024 D/AndroidRuntime( 1341):
03-25 04:11:08.024 D/AndroidRuntime( 1341): >>>>>> AndroidRuntime START com.android.internal.os.RuntimeInit <<<<<<
03-25 04:11:08.024 D/AndroidRuntime( 1341): CheckJNI is ON
03-25 04:11:08.074 D/dalvikvm( 1341): Trying to load lib libjavacore.so 0x0
03-25 04:11:08.094 D/dalvikvm( 1341): Added shared lib libjavacore.so 0x0
03-25 04:11:08.123 D/dalvikvm( 1341): Trying to load lib libnativehelper.so 0x0
03-25 04:11:08.154 D/dalvikvm( 1341): Added shared lib libnativehelper.so 0x0
03-25 04:11:08.214 D/AndroidRuntime( 1344):
03-25 04:11:08.214 D/AndroidRuntime( 1344): >>>>>> AndroidRuntime START com.android.internal.os.RuntimeInit <<<<<<
03-25 04:11:08.214 D/AndroidRuntime( 1344): CheckJNI is ON
03-25 04:11:08.244 D/dalvikvm( 1344): Trying to load lib libjavacore.so 0x0
03-25 04:11:08.254 D/dalvikvm( 1344): Added shared lib libjavacore.so 0x0
03-25 04:11:08.283 E/cutils-trace( 1341): Error opening trace file: No such file or directory (2)
03-25 04:11:08.323 D/dalvikvm( 1344): Trying to load lib libnativehelper.so 0x0
03-25 04:11:08.323 D/dalvikvm( 1344): Added shared lib libnativehelper.so 0x0
03-25 04:11:08.453 E/cutils-trace( 1344): Error opening trace file: No such file or directory (2)
03-25 04:11:09.034 D/AndroidRuntime( 1341): Calling main entry com.android.commands.pm.Pm
03-25 04:11:09.074 W/ActivityManager( 285): No content provider found for permission revoke: file:///data/local/tmp/qeo-android-service-embedded-debug-test-unaligned.apk
03-25 04:11:09.264 D/AndroidRuntime( 1344): Calling main entry com.android.commands.pm.Pm
03-25 04:11:09.773 W/ActivityManager( 285): No content provider found for permission revoke: file:///data/local/tmp/qeo-android-service-embedded-debug-test-unaligned.apk
03-25 04:11:09.773 I/PackageManager( 285): Copying native libraries to /data/app-lib/vmdl-958569596
03-25 04:11:10.413 W/PackageParser( 285): No actions in intent filter at /data/app/vmdl-958569596.tmp Binary XML file line #22
03-25 04:11:10.533 D/dalvikvm( 285): GC_CONCURRENT freed 313K, 32% free 5395K/7912K, paused 5ms+5ms, total 63ms
03-25 04:11:10.533 D/dalvikvm( 285): WAIT_FOR_CONCURRENT_GC blocked 39ms
03-25 04:11:10.763 D/dalvikvm( 285): GC_CONCURRENT freed 366K, 29% free 5657K/7912K, paused 5ms+7ms, total 75ms
03-25 04:11:10.974 D/dalvikvm( 285): GC_CONCURRENT freed 705K, 29% free 5686K/7912K, paused 5ms+8ms, total 78ms
03-25 04:11:11.144 D/dalvikvm( 285): GC_CONCURRENT freed 721K, 28% free 5698K/7912K, paused 6ms+8ms, total 76ms
03-25 04:11:11.303 D/dalvikvm( 285): GC_CONCURRENT freed 765K, 29% free 5693K/7912K, paused 5ms+6ms, total 76ms
03-25 04:11:11.483 D/dalvikvm( 285): GC_CONCURRENT freed 755K, 28% free 5697K/7912K, paused 5ms+7ms, total 77ms
03-25 04:11:11.653 D/dalvikvm( 285): GC_CONCURRENT freed 735K, 28% free 5701K/7912K, paused 5ms+7ms, total 76ms
03-25 04:11:12.793 I/PackageManager( 285): Running dexopt on: org.qeo.android.service.test
03-25 04:11:13.653 W/dalvikvm( 1364): method Lcom/actionbarsherlock/internal/widget/IcsLinearLayout;.drawDividersHorizontal incorrectly overrides package-private method with same name in Landroid/widget/LinearLayout;
03-25 04:11:13.653 W/dalvikvm( 1364): method Lcom/actionbarsherlock/internal/widget/IcsLinearLayout;.drawDividersVertical incorrectly overrides package-private method with same name in Landroid/widget/LinearLayout;
03-25 04:11:13.663 W/dalvikvm( 1364): method Lcom/actionbarsherlock/internal/widget/IcsLinearLayout;.drawHorizontalDivider incorrectly overrides package-private method with same name in Landroid/widget/LinearLayout;
03-25 04:11:13.663 W/dalvikvm( 1364): method Lcom/actionbarsherlock/internal/widget/IcsLinearLayout;.drawVerticalDivider incorrectly overrides package-private method with same name in Landroid/widget/LinearLayout;
03-25 04:11:15.114 D/dalvikvm( 1364): DexOpt: load 377ms, verify+opt 1383ms, 2112108 bytes
03-25 04:11:15.204 I/ActivityManager( 285): Force stopping package org.qeo.android.service.test appid=10046 user=-1
03-25 04:11:15.353 W/ActivityManager( 285): No content provider found for permission revoke: file:///data/local/tmp/qeo-android-service-embedded-debug-test-unaligned.apk
03-25 04:11:15.964 W/ActivityManager( 285): No content provider found for permission revoke: file:///data/local/tmp/qeo-android-service-embedded-debug-test-unaligned.apk
03-25 04:11:15.964 I/PackageManager( 285): Copying native libraries to /data/app-lib/vmdl-451219624
03-25 04:11:16.813 I/InputReader( 285): Reconfiguring input devices. changes=0x00000010
03-25 04:11:16.813 D/BackupManagerService( 285): Received broadcast Intent { act=android.intent.action.PACKAGE_ADDED dat=package:org.qeo.android.service.test flg=0x8000010 (has extras) }
03-25 04:11:16.874 V/BackupManagerService( 285): addPackageParticipantsLocked: #1
03-25 04:11:16.954 D/dalvikvm( 285): GC_CONCURRENT freed 701K, 28% free 5717K/7912K, paused 9ms+19ms, total 110ms
03-25 04:11:17.144 W/RecognitionManagerService( 285): no available voice recognition services found for user 0
03-25 04:11:17.194 D/dalvikvm( 285): GC_EXPLICIT freed 646K, 35% free 5181K/7912K, paused 4ms+21ms, total 216ms
03-25 04:11:17.194 D/AndroidRuntime( 1341): Shutting down VM
03-25 04:11:17.214 D/dalvikvm( 1341): GC_CONCURRENT freed 91K, 17% free 477K/572K, paused 0ms+0ms, total 8ms
03-25 04:11:17.224 W/PackageParser( 285): No actions in intent filter at /data/app/vmdl-451219624.tmp Binary XML file line #22
03-25 04:11:17.353 D/dalvikvm( 285): GC_CONCURRENT freed 413K, 32% free 5405K/7912K, paused 4ms+5ms, total 66ms
03-25 04:11:17.353 D/dalvikvm( 285): WAIT_FOR_CONCURRENT_GC blocked 49ms
03-25 04:11:17.853 D/dalvikvm( 285): GC_CONCURRENT freed 323K, 28% free 5714K/7912K, paused 5ms+15ms, total 144ms
03-25 04:11:18.154 D/AndroidRuntime( 1368):
03-25 04:11:18.154 D/AndroidRuntime( 1368): >>>>>> AndroidRuntime START com.android.internal.os.RuntimeInit <<<<<<
03-25 04:11:18.154 D/AndroidRuntime( 1368): CheckJNI is ON
03-25 04:11:18.204 D/dalvikvm( 1368): Trying to load lib libjavacore.so 0x0
03-25 04:11:18.224 D/dalvikvm( 1368): Added shared lib libjavacore.so 0x0
03-25 04:11:18.283 D/dalvikvm( 1368): Trying to load lib libnativehelper.so 0x0
03-25 04:11:18.283 D/dalvikvm( 1368): Added shared lib libnativehelper.so 0x0
03-25 04:11:18.363 D/dalvikvm( 285): GC_CONCURRENT freed 766K, 29% free 5693K/7912K, paused 4ms+16ms, total 159ms
03-25 04:11:18.424 E/cutils-trace( 1368): Error opening trace file: No such file or directory (2)
03-25 04:11:18.733 D/dalvikvm( 285): GC_CONCURRENT freed 720K, 28% free 5703K/7912K, paused 5ms+20ms, total 151ms
03-25 04:11:19.134 D/AndroidRuntime( 1368): Calling main entry com.android.commands.am.Am
03-25 04:11:19.144 D/dalvikvm( 285): GC_CONCURRENT freed 726K, 28% free 5698K/7912K, paused 6ms+14ms, total 185ms
03-25 04:11:19.144 D/dalvikvm( 1368): Note: class Landroid/app/ActivityManagerNative; has 163 unimplemented (abstract) methods
03-25 04:11:19.184 I/ActivityManager( 285): Force stopping package org.qeo.android.service.test appid=10046 user=0
03-25 04:11:19.194 W/dalvikvm( 1379): PR_CAPBSET_DROP 0 failed: Invalid argument. Please make sure your kernel is compiled with file capabilities support enabled.
03-25 04:11:19.194 W/dalvikvm( 1379): PR_CAPBSET_DROP 1 failed: Invalid argument. Please make sure your kernel is compiled with file capabilities support enabled.
03-25 04:11:19.204 W/dalvikvm( 1379): PR_CAPBSET_DROP 2 failed: Invalid argument. Please make sure your kernel is compiled with file capabilities support enabled.
03-25 04:11:19.204 W/dalvikvm( 1379): PR_CAPBSET_DROP 3 failed: Invalid argument. Please make sure your kernel is compiled with file capabilities support enabled.
03-25 04:11:19.204 W/dalvikvm( 1379): PR_CAPBSET_DROP 4 failed: Invalid argument. Please make sure your kernel is compiled with file capabilities support enabled.
03-25 04:11:19.204 W/dalvikvm( 1379): PR_CAPBSET_DROP 5 failed: Invalid argument. Please make sure your kernel is compiled with file capabilities support enabled.
03-25 04:11:19.204 W/dalvikvm( 1379): PR_CAPBSET_DROP 6 failed: Invalid argument. Please make sure your kernel is compiled with file capabilities support enabled.
03-25 04:11:19.204 W/dalvikvm( 1379): PR_CAPBSET_DROP 7 failed: Invalid argument. Please make sure your kernel is compiled with file capabilities support enabled.
03-25 04:11:19.204 W/dalvikvm( 1379): PR_CAPBSET_DROP 8 failed: Invalid argument. Please make sure your kernel is compiled with file capabilities support enabled.
03-25 04:11:19.214 W/dalvikvm( 1379): PR_CAPBSET_DROP 9 failed: Invalid argument. Please make sure your kernel is compiled with file capabilities support enabled.
03-25 04:11:19.214 W/dalvikvm( 1379): PR_CAPBSET_DROP 10 failed: Invalid argument. Please make sure your kernel is compiled with file capabilities support enabled.
03-25 04:11:19.214 W/dalvikvm( 1379): PR_CAPBSET_DROP 11 failed: Invalid argument. Please make sure your kernel is compiled with file capabilities support enabled.
03-25 04:11:19.214 W/dalvikvm( 1379): PR_CAPBSET_DROP 12 failed: Invalid argument. Please make sure your kernel is compiled with file capabilities support enabled.
03-25 04:11:19.214 W/dalvikvm( 1379): PR_CAPBSET_DROP 13 failed: Invalid argument. Please make sure your kernel is compiled with file capabilities support enabled.
03-25 04:11:19.214 W/dalvikvm( 1379): PR_CAPBSET_DROP 14 failed: Invalid argument. Please make sure your kernel is compiled with file capabilities support enabled.
03-25 04:11:19.214 W/dalvikvm( 1379): PR_CAPBSET_DROP 15 failed: Invalid argument. Please make sure your kernel is compiled with file capabilities support enabled.
03-25 04:11:19.214 W/dalvikvm( 1379): PR_CAPBSET_DROP 16 failed: Invalid argument. Please make sure your kernel is compiled with file capabilities support enabled.
03-25 04:11:19.214 W/dalvikvm( 1379): PR_CAPBSET_DROP 17 failed: Invalid argument. Please make sure your kernel is compiled with file capabilities support enabled.
03-25 04:11:19.214 W/dalvikvm( 1379): PR_CAPBSET_DROP 18 failed: Invalid argument. Please make sure your kernel is compiled with file capabilities support enabled.
03-25 04:11:19.214 W/dalvikvm( 1379): PR_CAPBSET_DROP 19 failed: Invalid argument. Please make sure your kernel is compiled with file capabilities support enabled.
03-25 04:11:19.214 W/dalvikvm( 1379): PR_CAPBSET_DROP 20 failed: Invalid argument. Please make sure your kernel is compiled with file capabilities support enabled.
03-25 04:11:19.214 W/dalvikvm( 1379): PR_CAPBSET_DROP 21 failed: Invalid argument. Please make sure your kernel is compiled with file capabilities support enabled.
03-25 04:11:19.224 W/dalvikvm( 1379): PR_CAPBSET_DROP 22 failed: Invalid argument. Please make sure your kernel is compiled with file capabilities support enabled.
03-25 04:11:19.224 W/dalvikvm( 1379): PR_CAPBSET_DROP 23 failed: Invalid argument. Please make sure your kernel is compiled with file capabilities support enabled.
03-25 04:11:19.224 W/dalvikvm( 1379): PR_CAPBSET_DROP 24 failed: Invalid argument. Please make sure your kernel is compiled with file capabilities support enabled.
03-25 04:11:19.224 W/dalvikvm( 1379): PR_CAPBSET_DROP 25 failed: Invalid argument. Please make sure your kernel is compiled with file capabilities support enabled.
03-25 04:11:19.224 W/dalvikvm( 1379): PR_CAPBSET_DROP 26 failed: Invalid argument. Please make sure your kernel is compiled with file capabilities support enabled.
03-25 04:11:19.224 W/dalvikvm( 1379): PR_CAPBSET_DROP 27 failed: Invalid argument. Please make sure your kernel is compiled with file capabilities support enabled.
03-25 04:11:19.224 W/dalvikvm( 1379): PR_CAPBSET_DROP 28 failed: Invalid argument. Please make sure your kernel is compiled with file capabilities support enabled.
03-25 04:11:19.224 W/dalvikvm( 1379): PR_CAPBSET_DROP 29 failed: Invalid argument. Please make sure your kernel is compiled with file capabilities support enabled.
03-25 04:11:19.224 W/dalvikvm( 1379): PR_CAPBSET_DROP 30 failed: Invalid argument. Please make sure your kernel is compiled with file capabilities support enabled.
03-25 04:11:19.234 W/dalvikvm( 1379): PR_CAPBSET_DROP 31 failed: Invalid argument. Please make sure your kernel is compiled with file capabilities support enabled.
03-25 04:11:19.234 W/dalvikvm( 1379): PR_CAPBSET_DROP 32 failed: Invalid argument. Please make sure your kernel is compiled with file capabilities support enabled.
03-25 04:11:19.234 W/dalvikvm( 1379): PR_CAPBSET_DROP 33 failed: Invalid argument. Please make sure your kernel is compiled with file capabilities support enabled.
03-25 04:11:19.234 D/dalvikvm( 1379): Not late-enabling CheckJNI (already on)
03-25 04:11:19.244 I/ActivityManager( 285): Start proc org.qeo.android.service.test for added application org.qeo.android.service.test: pid=1379 uid=10046 gids={50046, 3003, 1028}
03-25 04:11:19.463 D/dalvikvm( 1379): GC_CONCURRENT freed 315K, 14% free 2705K/3136K, paused 14ms+2ms, total 51ms
03-25 04:11:19.463 D/dalvikvm( 1379): WAIT_FOR_CONCURRENT_GC blocked 37ms
03-25 04:11:19.583 D/dalvikvm( 1379): GC_CONCURRENT freed 515K, 19% free 2703K/3336K, paused 4ms+3ms, total 41ms
03-25 04:11:19.583 D/dalvikvm( 1379): WAIT_FOR_CONCURRENT_GC blocked 16ms
03-25 04:11:19.673 D/dalvikvm( 1379): GC_CONCURRENT freed 469K, 18% free 2745K/3336K, paused 4ms+5ms, total 37ms
03-25 04:11:19.673 D/dalvikvm( 1379): WAIT_FOR_CONCURRENT_GC blocked 20ms
03-25 04:11:19.793 D/dalvikvm( 1379): GC_CONCURRENT freed 507K, 19% free 2751K/3376K, paused 4ms+3ms, total 38ms
03-25 04:11:19.793 D/dalvikvm( 1379): WAIT_FOR_CONCURRENT_GC blocked 16ms
03-25 04:11:19.894 D/dalvikvm( 1379): GC_CONCURRENT freed 481K, 18% free 2781K/3380K, paused 3ms+8ms, total 39ms
03-25 04:11:19.894 D/dalvikvm( 1379): WAIT_FOR_CONCURRENT_GC blocked 22ms
03-25 04:11:19.984 D/dalvikvm( 1379): GC_CONCURRENT freed 470K, 18% free 2824K/3412K, paused 4ms+2ms, total 45ms
03-25 04:11:19.984 D/dalvikvm( 1379): WAIT_FOR_CONCURRENT_GC blocked 9ms
03-25 04:11:20.074 D/dalvikvm( 1379): GC_CONCURRENT freed 471K, 18% free 2863K/3452K, paused 4ms+3ms, total 47ms
03-25 04:11:20.074 D/dalvikvm( 1379): WAIT_FOR_CONCURRENT_GC blocked 10ms
03-25 04:11:20.184 D/dalvikvm( 1379): GC_CONCURRENT freed 471K, 17% free 2904K/3492K, paused 4ms+3ms, total 56ms
03-25 04:11:20.184 D/dalvikvm( 1379): WAIT_FOR_CONCURRENT_GC blocked 23ms
03-25 04:11:20.273 D/dalvikvm( 1379): GC_CONCURRENT freed 705K, 24% free 2708K/3532K, paused 3ms+2ms, total 37ms
03-25 04:11:20.273 D/dalvikvm( 1379): WAIT_FOR_CONCURRENT_GC blocked 17ms
03-25 04:11:20.373 D/dalvikvm( 1379): GC_CONCURRENT freed 473K, 23% free 2746K/3532K, paused 4ms+3ms, total 42ms
03-25 04:11:20.373 D/dalvikvm( 1379): WAIT_FOR_CONCURRENT_GC blocked 22ms
03-25 04:11:20.473 D/dalvikvm( 1379): GC_CONCURRENT freed 473K, 22% free 2785K/3532K, paused 4ms+3ms, total 52ms
03-25 04:11:20.473 D/dalvikvm( 1379): WAIT_FOR_CONCURRENT_GC blocked 27ms
03-25 04:11:20.613 D/dalvikvm( 285): GC_CONCURRENT freed 693K, 28% free 5705K/7912K, paused 35ms+32ms, total 190ms
03-25 04:11:20.623 D/dalvikvm( 1379): GC_CONCURRENT freed 473K, 21% free 2823K/3532K, paused 8ms+3ms, total 60ms
03-25 04:11:20.623 D/dalvikvm( 1379): WAIT_FOR_CONCURRENT_GC blocked 15ms
03-25 04:11:20.723 D/dalvikvm( 1379): GC_CONCURRENT freed 470K, 19% free 2864K/3532K, paused 14ms+9ms, total 51ms
03-25 04:11:20.733 D/dalvikvm( 1379): WAIT_FOR_CONCURRENT_GC blocked 4ms
03-25 04:11:20.823 D/dalvikvm( 1379): GC_CONCURRENT freed 473K, 19% free 2892K/3532K, paused 4ms+13ms, total 44ms
03-25 04:11:20.924 D/dalvikvm( 1379): GC_CONCURRENT freed 481K, 18% free 2922K/3532K, paused 3ms+10ms, total 52ms
03-25 04:11:20.924 D/dalvikvm( 1379): WAIT_FOR_CONCURRENT_GC blocked 3ms
03-25 04:11:21.034 D/dalvikvm( 1379): GC_CONCURRENT freed 503K, 19% free 2889K/3532K, paused 3ms+10ms, total 44ms
03-25 04:11:21.133 D/dalvikvm( 1379): GC_CONCURRENT freed 485K, 18% free 2915K/3532K, paused 3ms+6ms, total 50ms
03-25 04:11:21.133 D/dalvikvm( 1379): WAIT_FOR_CONCURRENT_GC blocked 5ms
03-25 04:11:21.263 D/dalvikvm( 1379): GC_CONCURRENT freed 494K, 18% free 2931K/3544K, paused 13ms+6ms, total 56ms
03-25 04:11:21.263 D/dalvikvm( 1379): WAIT_FOR_CONCURRENT_GC blocked 8ms
03-25 04:11:21.353 D/dalvikvm( 1379): GC_CONCURRENT freed 476K, 17% free 2961K/3556K, paused 4ms+11ms, total 47ms
03-25 04:11:21.473 D/dalvikvm( 1379): GC_CONCURRENT freed 716K, 24% free 2757K/3592K, paused 3ms+3ms, total 46ms
03-25 04:11:21.473 D/dalvikvm( 1379): WAIT_FOR_CONCURRENT_GC blocked 23ms
03-25 04:11:21.563 D/dalvikvm( 1379): GC_CONCURRENT freed 478K, 23% free 2790K/3592K, paused 13ms+2ms, total 38ms
03-25 04:11:21.563 D/dalvikvm( 1379): WAIT_FOR_CONCURRENT_GC blocked 14ms
03-25 04:11:21.653 D/dalvikvm( 1379): GC_CONCURRENT freed 470K, 22% free 2832K/3592K, paused 4ms+2ms, total 36ms
03-25 04:11:21.653 D/dalvikvm( 1379): WAIT_FOR_CONCURRENT_GC blocked 15ms
03-25 04:11:21.753 D/dalvikvm( 1379): GC_CONCURRENT freed 483K, 21% free 2861K/3592K, paused 4ms+3ms, total 45ms
03-25 04:11:21.753 D/dalvikvm( 1379): WAIT_FOR_CONCURRENT_GC blocked 12ms
03-25 04:11:21.853 D/dalvikvm( 1379): GC_CONCURRENT freed 471K, 20% free 2901K/3592K, paused 3ms+3ms, total 44ms
03-25 04:11:21.853 D/dalvikvm( 1379): WAIT_FOR_CONCURRENT_GC blocked 12ms
03-25 04:11:21.944 D/dalvikvm( 1379): GC_CONCURRENT freed 471K, 19% free 2941K/3592K, paused 3ms+8ms, total 52ms
03-25 04:11:21.944 D/dalvikvm( 1379): WAIT_FOR_CONCURRENT_GC blocked 5ms
03-25 04:11:22.044 D/dalvikvm( 1379): GC_CONCURRENT freed 475K, 18% free 2978K/3592K, paused 4ms+8ms, total 52ms
03-25 04:11:22.044 D/dalvikvm( 1379): WAIT_FOR_CONCURRENT_GC blocked 5ms
03-25 04:11:22.104 W/dalvikvm( 1379): method Lcom/actionbarsherlock/internal/widget/IcsLinearLayout;.drawDividersHorizontal incorrectly overrides package-private method with same name in Landroid/widget/LinearLayout;
03-25 04:11:22.104 W/dalvikvm( 1379): method Lcom/actionbarsherlock/internal/widget/IcsLinearLayout;.drawDividersVertical incorrectly overrides package-private method with same name in Landroid/widget/LinearLayout;
03-25 04:11:22.104 W/dalvikvm( 1379): method Lcom/actionbarsherlock/internal/widget/IcsLinearLayout;.drawHorizontalDivider incorrectly overrides package-private method with same name in Landroid/widget/LinearLayout;
03-25 04:11:22.104 W/dalvikvm( 1379): method Lcom/actionbarsherlock/internal/widget/IcsLinearLayout;.drawVerticalDivider incorrectly overrides package-private method with same name in Landroid/widget/LinearLayout;
03-25 04:11:22.164 D/dalvikvm( 1379): GC_CONCURRENT freed 723K, 24% free 2765K/3608K, paused 3ms+2ms, total 37ms
03-25 04:11:22.164 D/dalvikvm( 1379): WAIT_FOR_CONCURRENT_GC blocked 16ms
03-25 04:11:22.353 D/dalvikvm( 285): GC_CONCURRENT freed 715K, 28% free 5710K/7912K, paused 46ms+10ms, total 185ms
03-25 04:11:22.363 D/dalvikvm( 1379): GC_CONCURRENT freed 487K, 23% free 2790K/3608K, paused 14ms+2ms, total 52ms
03-25 04:11:22.363 D/dalvikvm( 1379): WAIT_FOR_CONCURRENT_GC blocked 17ms
03-25 04:11:22.483 D/dalvikvm( 1379): GC_CONCURRENT freed 473K, 22% free 2829K/3608K, paused 4ms+12ms, total 45ms
03-25 04:11:22.483 D/dalvikvm( 1379): WAIT_FOR_CONCURRENT_GC blocked 25ms
03-25 04:11:22.573 D/dalvikvm( 1379): GC_CONCURRENT freed 476K, 21% free 2865K/3608K, paused 4ms+3ms, total 36ms
03-25 04:11:22.573 D/dalvikvm( 1379): WAIT_FOR_CONCURRENT_GC blocked 21ms
03-25 04:11:22.693 D/dalvikvm( 1379): GC_CONCURRENT freed 482K, 20% free 2894K/3608K, paused 4ms+3ms, total 51ms
03-25 04:11:22.693 D/dalvikvm( 1379): WAIT_FOR_CONCURRENT_GC blocked 8ms
03-25 04:11:22.793 D/dalvikvm( 1379): GC_CONCURRENT freed 487K, 20% free 2919K/3608K, paused 4ms+3ms, total 47ms
03-25 04:11:22.793 D/dalvikvm( 1379): WAIT_FOR_CONCURRENT_GC blocked 17ms
03-25 04:11:22.884 D/dalvikvm( 1379): GC_CONCURRENT freed 475K, 19% free 2956K/3608K, paused 4ms+3ms, total 60ms
03-25 04:11:22.884 D/dalvikvm( 1379): WAIT_FOR_CONCURRENT_GC blocked 10ms
03-25 04:11:22.994 D/dalvikvm( 1379): GC_CONCURRENT freed 492K, 18% free 2975K/3608K, paused 3ms+3ms, total 46ms
03-25 04:11:22.994 D/dalvikvm( 1379): WAIT_FOR_CONCURRENT_GC blocked 17ms
03-25 04:11:23.084 D/dalvikvm( 1379): GC_CONCURRENT freed 474K, 17% free 3013K/3608K, paused 4ms+3ms, total 46ms
03-25 04:11:23.084 D/dalvikvm( 1379): WAIT_FOR_CONCURRENT_GC blocked 17ms
03-25 04:11:23.174 D/dalvikvm( 1379): GC_CONCURRENT freed 705K, 23% free 2818K/3644K, paused 3ms+3ms, total 47ms
03-25 04:11:23.174 D/dalvikvm( 1379): WAIT_FOR_CONCURRENT_GC blocked 25ms
03-25 04:11:23.254 D/dalvikvm( 1379): GC_CONCURRENT freed 469K, 22% free 2861K/3644K, paused 4ms+4ms, total 37ms
03-25 04:11:23.254 D/dalvikvm( 1379): WAIT_FOR_CONCURRENT_GC blocked 16ms
03-25 04:11:23.354 D/dalvikvm( 1379): GC_CONCURRENT freed 477K, 21% free 2895K/3644K, paused 4ms+13ms, total 46ms
03-25 04:11:23.354 D/dalvikvm( 1379): WAIT_FOR_CONCURRENT_GC blocked 27ms
03-25 04:11:23.443 D/dalvikvm( 1379): GC_CONCURRENT freed 472K, 20% free 2935K/3644K, paused 4ms+7ms, total 41ms
03-25 04:11:23.443 D/dalvikvm( 1379): WAIT_FOR_CONCURRENT_GC blocked 5ms
03-25 04:11:23.533 D/dalvikvm( 1379): GC_CONCURRENT freed 470K, 19% free 2977K/3644K, paused 4ms+3ms, total 47ms
03-25 04:11:23.533 D/dalvikvm( 1379): WAIT_FOR_CONCURRENT_GC blocked 18ms
03-25 04:11:23.623 D/dalvikvm( 1379): GC_CONCURRENT freed 471K, 18% free 3017K/3644K, paused 4ms+3ms, total 52ms
03-25 04:11:23.623 D/dalvikvm( 1379): WAIT_FOR_CONCURRENT_GC blocked 27ms
03-25 04:11:23.703 D/dalvikvm( 1379): GC_CONCURRENT freed 709K, 23% free 2818K/3648K, paused 4ms+2ms, total 36ms
03-25 04:11:23.703 D/dalvikvm( 1379): WAIT_FOR_CONCURRENT_GC blocked 14ms
03-25 04:11:23.803 D/dalvikvm( 1379): GC_CONCURRENT freed 474K, 22% free 2855K/3648K, paused 4ms+13ms, total 45ms
03-25 04:11:23.803 D/dalvikvm( 1379): WAIT_FOR_CONCURRENT_GC blocked 27ms
03-25 04:11:23.884 D/dalvikvm( 1379): GC_CONCURRENT freed 472K, 21% free 2895K/3648K, paused 3ms+2ms, total 36ms
03-25 04:11:23.884 D/dalvikvm( 1379): WAIT_FOR_CONCURRENT_GC blocked 13ms
03-25 04:11:23.984 D/dalvikvm( 1379): GC_CONCURRENT freed 475K, 20% free 2931K/3648K, paused 3ms+3ms, total 46ms
03-25 04:11:23.984 D/dalvikvm( 1379): WAIT_FOR_CONCURRENT_GC blocked 22ms
03-25 04:11:24.064 D/dalvikvm( 1379): GC_CONCURRENT freed 470K, 19% free 2973K/3648K, paused 4ms+3ms, total 48ms
03-25 04:11:24.064 D/dalvikvm( 1379): WAIT_FOR_CONCURRENT_GC blocked 17ms
03-25 04:11:24.154 D/dalvikvm( 1379): GC_CONCURRENT freed 470K, 18% free 3014K/3648K, paused 13ms+3ms, total 47ms
03-25 04:11:24.154 D/dalvikvm( 1379): WAIT_FOR_CONCURRENT_GC blocked 20ms
03-25 04:11:24.244 D/dalvikvm( 1379): GC_CONCURRENT freed 705K, 23% free 2821K/3648K, paused 4ms+2ms, total 48ms
03-25 04:11:24.244 D/dalvikvm( 1379): WAIT_FOR_CONCURRENT_GC blocked 24ms
03-25 04:11:24.343 D/dalvikvm( 1379): GC_CONCURRENT freed 473K, 22% free 2859K/3648K, paused 4ms+13ms, total 46ms
03-25 04:11:24.343 D/dalvikvm( 1379): WAIT_FOR_CONCURRENT_GC blocked 27ms
03-25 04:11:24.443 D/dalvikvm( 1379): GC_CONCURRENT freed 501K, 22% free 2870K/3648K, paused 4ms+2ms, total 36ms
03-25 04:11:24.443 D/dalvikvm( 1379): WAIT_FOR_CONCURRENT_GC blocked 12ms
03-25 04:11:24.523 D/dalvikvm( 1379): GC_CONCURRENT freed 472K, 21% free 2909K/3648K, paused 3ms+3ms, total 36ms
03-25 04:11:24.523 D/dalvikvm( 1379): WAIT_FOR_CONCURRENT_GC blocked 14ms
03-25 04:11:24.623 D/dalvikvm( 1379): GC_CONCURRENT freed 483K, 20% free 2938K/3648K, paused 4ms+3ms, total 52ms
03-25 04:11:24.623 D/dalvikvm( 1379): WAIT_FOR_CONCURRENT_GC blocked 10ms
03-25 04:11:24.713 D/dalvikvm( 1379): GC_CONCURRENT freed 477K, 19% free 2972K/3648K, paused 4ms+3ms, total 47ms
03-25 04:11:24.713 D/dalvikvm( 1379): WAIT_FOR_CONCURRENT_GC blocked 17ms
03-25 04:11:24.803 D/dalvikvm( 1379): GC_CONCURRENT freed 473K, 18% free 3010K/3648K, paused 4ms+3ms, total 49ms
03-25 04:11:24.803 D/dalvikvm( 1379): WAIT_FOR_CONCURRENT_GC blocked 13ms
03-25 04:11:24.894 D/dalvikvm( 1379): GC_CONCURRENT freed 485K, 17% free 3036K/3648K, paused 4ms+7ms, total 50ms
03-25 04:11:24.894 D/dalvikvm( 1379): WAIT_FOR_CONCURRENT_GC blocked 4ms
03-25 04:11:25.004 D/dalvikvm( 1379): GC_CONCURRENT freed 484K, 17% free 3059K/3664K, paused 3ms+3ms, total 56ms
03-25 04:11:25.004 D/dalvikvm( 1379): WAIT_FOR_CONCURRENT_GC blocked 21ms
03-25 04:11:25.094 D/dalvikvm( 1379): GC_CONCURRENT freed 710K, 23% free 2856K/3688K, paused 4ms+3ms, total 48ms
03-25 04:11:25.094 D/dalvikvm( 1379): WAIT_FOR_CONCURRENT_GC blocked 23ms
03-25 04:11:25.194 D/dalvikvm( 1379): GC_CONCURRENT freed 481K, 22% free 2887K/3688K, paused 3ms+3ms, total 47ms
03-25 04:11:25.194 D/dalvikvm( 1379): WAIT_FOR_CONCURRENT_GC blocked 32ms
03-25 04:11:25.283 D/dalvikvm( 1379): GC_CONCURRENT freed 478K, 21% free 2920K/3688K, paused 4ms+13ms, total 47ms
03-25 04:11:25.283 D/dalvikvm( 1379): WAIT_FOR_CONCURRENT_GC blocked 28ms
03-25 04:11:25.373 D/dalvikvm( 1379): GC_CONCURRENT freed 474K, 20% free 2958K/3688K, paused 3ms+2ms, total 45ms
03-25 04:11:25.373 D/dalvikvm( 1379): WAIT_FOR_CONCURRENT_GC blocked 29ms
03-25 04:11:25.463 D/dalvikvm( 1379): GC_CONCURRENT freed 471K, 19% free 2998K/3688K, paused 12ms+3ms, total 46ms
03-25 04:11:25.463 D/dalvikvm( 1379): WAIT_FOR_CONCURRENT_GC blocked 15ms
03-25 04:11:25.563 D/dalvikvm( 1379): GC_CONCURRENT freed 485K, 18% free 3024K/3688K, paused 4ms+14ms, total 55ms
03-25 04:11:25.563 D/dalvikvm( 1379): WAIT_FOR_CONCURRENT_GC blocked 29ms
03-25 04:11:25.663 D/dalvikvm( 1379): GC_CONCURRENT freed 488K, 18% free 3048K/3688K, paused 4ms+3ms, total 47ms
03-25 04:11:25.663 D/dalvikvm( 1379): WAIT_FOR_CONCURRENT_GC blocked 19ms
03-25 04:11:25.753 D/dalvikvm( 1379): GC_CONCURRENT freed 479K, 17% free 3080K/3688K, paused 4ms+3ms, total 49ms
03-25 04:11:25.753 D/dalvikvm( 1379): WAIT_FOR_CONCURRENT_GC blocked 20ms
03-25 04:11:25.843 D/dalvikvm( 1379): GC_CONCURRENT freed 708K, 23% free 2878K/3708K, paused 13ms+3ms, total 48ms
03-25 04:11:25.843 D/dalvikvm( 1379): WAIT_FOR_CONCURRENT_GC blocked 25ms
03-25 04:11:25.934 D/dalvikvm( 1379): GC_CONCURRENT freed 481K, 22% free 2908K/3708K, paused 4ms+13ms, total 46ms
03-25 04:11:25.934 D/dalvikvm( 1379): WAIT_FOR_CONCURRENT_GC blocked 26ms
03-25 04:11:26.024 D/dalvikvm( 1379): GC_CONCURRENT freed 471K, 21% free 2949K/3708K, paused 13ms+3ms, total 46ms
03-25 04:11:26.024 D/dalvikvm( 1379): WAIT_FOR_CONCURRENT_GC blocked 24ms
03-25 04:11:26.113 D/dalvikvm( 1379): GC_CONCURRENT freed 473K, 20% free 2988K/3708K, paused 12ms+3ms, total 48ms
03-25 04:11:26.113 D/dalvikvm( 1379): WAIT_FOR_CONCURRENT_GC blocked 23ms
03-25 04:11:26.214 D/dalvikvm( 1379): GC_CONCURRENT freed 479K, 19% free 3021K/3708K, paused 4ms+3ms, total 56ms
03-25 04:11:26.214 D/dalvikvm( 1379): WAIT_FOR_CONCURRENT_GC blocked 28ms
03-25 04:11:26.303 D/dalvikvm( 1379): GC_CONCURRENT freed 471K, 18% free 3061K/3708K, paused 4ms+3ms, total 48ms
03-25 04:11:26.303 D/dalvikvm( 1379): WAIT_FOR_CONCURRENT_GC blocked 18ms
03-25 04:11:26.383 D/dalvikvm( 1379): GC_CONCURRENT freed 474K, 17% free 3098K/3708K, paused 13ms+4ms, total 46ms
03-25 04:11:26.383 D/dalvikvm( 1379): WAIT_FOR_CONCURRENT_GC blocked 17ms
03-25 04:11:26.473 D/dalvikvm( 1379): GC_CONCURRENT freed 707K, 23% free 2898K/3728K, paused 13ms+3ms, total 47ms
03-25 04:11:26.473 D/dalvikvm( 1379): WAIT_FOR_CONCURRENT_GC blocked 34ms
03-25 04:11:26.563 D/dalvikvm( 1379): GC_CONCURRENT freed 473K, 22% free 2936K/3728K, paused 13ms+3ms, total 46ms
03-25 04:11:26.563 D/dalvikvm( 1379): WAIT_FOR_CONCURRENT_GC blocked 34ms
03-25 04:11:26.653 D/dalvikvm( 1379): GC_CONCURRENT freed 470K, 21% free 2977K/3728K, paused 13ms+2ms, total 47ms
03-25 04:11:26.653 D/dalvikvm( 1379): WAIT_FOR_CONCURRENT_GC blocked 34ms
03-25 04:11:26.753 D/dalvikvm( 1379): GC_CONCURRENT freed 485K, 20% free 3002K/3728K, paused 4ms+3ms, total 49ms
03-25 04:11:26.753 D/dalvikvm( 1379): WAIT_FOR_CONCURRENT_GC blocked 20ms
03-25 04:11:26.833 D/dalvikvm( 1379): GC_CONCURRENT freed 473K, 19% free 3041K/3728K, paused 4ms+3ms, total 48ms
03-25 04:11:26.833 D/dalvikvm( 1379): WAIT_FOR_CONCURRENT_GC blocked 16ms
03-25 04:11:26.924 D/dalvikvm( 1379): GC_CONCURRENT freed 478K, 18% free 3074K/3728K, paused 3ms+8ms, total 42ms
03-25 04:11:26.924 D/dalvikvm( 1379): WAIT_FOR_CONCURRENT_GC blocked 4ms
03-25 04:11:27.024 D/dalvikvm( 1379): GC_CONCURRENT freed 481K, 17% free 3105K/3728K, paused 4ms+3ms, total 48ms
03-25 04:11:27.024 D/dalvikvm( 1379): WAIT_FOR_CONCURRENT_GC blocked 18ms
03-25 04:11:27.114 D/dalvikvm( 1379): GC_CONCURRENT freed 704K, 23% free 2909K/3736K, paused 4ms+3ms, total 48ms
03-25 04:11:27.114 D/dalvikvm( 1379): WAIT_FOR_CONCURRENT_GC blocked 32ms
03-25 04:11:27.194 D/dalvikvm( 1379): GC_CONCURRENT freed 471K, 22% free 2950K/3736K, paused 4ms+3ms, total 47ms
03-25 04:11:27.194 D/dalvikvm( 1379): WAIT_FOR_CONCURRENT_GC blocked 31ms
03-25 04:11:27.283 D/dalvikvm( 1379): GC_CONCURRENT freed 471K, 20% free 2991K/3736K, paused 3ms+2ms, total 48ms
03-25 04:11:27.283 D/dalvikvm( 1379): WAIT_FOR_CONCURRENT_GC blocked 29ms
03-25 04:11:27.393 D/dalvikvm( 1379): GC_CONCURRENT freed 478K, 20% free 3025K/3736K, paused 15ms+3ms, total 60ms
03-25 04:11:27.393 D/dalvikvm( 1379): WAIT_FOR_CONCURRENT_GC blocked 14ms
03-25 04:11:27.483 D/dalvikvm( 1379): GC_CONCURRENT freed 472K, 18% free 3064K/3736K, paused 17ms+5ms, total 53ms
03-25 04:11:27.483 D/dalvikvm( 1379): WAIT_FOR_CONCURRENT_GC blocked 5ms
03-25 04:11:27.623 D/dalvikvm( 1379): GC_CONCURRENT freed 479K, 18% free 3063K/3736K, paused 3ms+28ms, total 89ms
03-25 04:11:27.693 W/TestGrouping( 1379): Invalid Package: '' could not be found or has no tests
03-25 04:11:27.713 D/AndroidRuntime( 1368): Shutting down VM
03-25 04:11:27.723 D/dalvikvm( 1368): GC_CONCURRENT freed 93K, 17% free 480K/576K, paused 1ms+1ms, total 8ms
03-25 04:11:27.944 I/ActivityManager( 285): Force stopping package org.qeo.android.service.test appid=10046 user=0
03-25 04:11:27.944 I/ActivityManager( 285): Killing proc 1379:org.qeo.android.service.test/u0a10046: force stop org.qeo.android.service.test
03-25 04:11:28.553 D/AndroidRuntime( 1393):
03-25 04:11:28.553 D/AndroidRuntime( 1393): >>>>>> AndroidRuntime START com.android.internal.os.RuntimeInit <<<<<<
03-25 04:11:28.553 D/AndroidRuntime( 1393): CheckJNI is ON
03-25 04:11:28.593 D/dalvikvm( 1393): Trying to load lib libjavacore.so 0x0
03-25 04:11:28.623 D/dalvikvm( 1393): Added shared lib libjavacore.so 0x0
03-25 04:11:28.683 D/dalvikvm( 1393): Trying to load lib libnativehelper.so 0x0
03-25 04:11:28.683 D/dalvikvm( 1393): Added shared lib libnativehelper.so 0x0
03-25 04:11:28.703 I/ActivityManager( 285): Force stopping package org.qeo.android.service.test appid=10046 user=-1
03-25 04:11:28.783 I/PackageManager( 285): Package org.qeo.android.service.test codePath changed from /data/app/org.qeo.android.service.test-1.apk to /data/app/org.qeo.android.service.test-2.apk; Retaining data and using new
03-25 04:11:28.823 E/cutils-trace( 1393): Error opening trace file: No such file or directory (2)
03-25 04:11:28.904 I/PackageManager( 285): Running dexopt on: org.qeo.android.service.test
03-25 04:11:29.543 D/AndroidRuntime( 1393): Calling main entry com.android.commands.pm.Pm
03-25 04:11:30.134 W/dalvikvm( 1402): method Lcom/actionbarsherlock/internal/widget/IcsLinearLayout;.drawDividersHorizontal incorrectly overrides package-private method with same name in Landroid/widget/LinearLayout;
03-25 04:11:30.134 W/dalvikvm( 1402): method Lcom/actionbarsherlock/internal/widget/IcsLinearLayout;.drawDividersVertical incorrectly overrides package-private method with same name in Landroid/widget/LinearLayout;
03-25 04:11:30.134 W/dalvikvm( 1402): method Lcom/actionbarsherlock/internal/widget/IcsLinearLayout;.drawHorizontalDivider incorrectly overrides package-private method with same name in Landroid/widget/LinearLayout;
03-25 04:11:30.134 W/dalvikvm( 1402): method Lcom/actionbarsherlock/internal/widget/IcsLinearLayout;.drawVerticalDivider incorrectly overrides package-private method with same name in Landroid/widget/LinearLayout;
03-25 04:11:31.513 D/dalvikvm( 1402): DexOpt: load 381ms, verify+opt 1311ms, 2112108 bytes
03-25 04:11:31.603 I/ActivityManager( 285): Force stopping package org.qeo.android.service.test appid=10046 user=-1
03-25 04:11:31.603 W/PackageManager( 285): Code path for pkg : org.qeo.android.service.test changing from /data/app/org.qeo.android.service.test-1.apk to /data/app/org.qeo.android.service.test-2.apk
03-25 04:11:31.603 W/PackageManager( 285): Resource path for pkg : org.qeo.android.service.test changing from /data/app/org.qeo.android.service.test-1.apk to /data/app/org.qeo.android.service.test-2.apk
03-25 04:11:31.763 D/dalvikvm( 285): GC_CONCURRENT freed 667K, 28% free 5737K/7912K, paused 5ms+13ms, total 78ms
03-25 04:11:31.823 W/PackageManager( 285): Couldn't delete native library directory /data/app-lib/org.qeo.android.service.test
03-25 04:11:31.833 I/ActivityManager( 285): Force stopping package org.qeo.android.service.test appid=10046 user=-1
03-25 04:11:31.894 D/keystore( 42): calling clear_uid in state: 3
03-25 04:11:31.894 I/ActivityManager( 285): Force stopping package org.qeo.android.service.test appid=10046 user=0
03-25 04:11:31.984 I/InputReader( 285): Reconfiguring input devices. changes=0x00000010
03-25 04:11:32.034 D/BackupManagerService( 285): Received broadcast Intent { act=android.intent.action.PACKAGE_REMOVED dat=package:org.qeo.android.service.test flg=0x8000010 (has extras) }
